Last updated on 2025-05-23 12:49:42 CEST.
Flavor | Version | Tinstall | Tcheck | Ttotal | Status | Flags |
---|---|---|---|---|---|---|
r-devel-linux-x86_64-debian-clang | 0.4.0 | 3.13 | 39.14 | 42.27 | NOTE | |
r-devel-linux-x86_64-debian-gcc | 0.4.0 | 2.04 | 30.16 | 32.20 | NOTE | |
r-devel-linux-x86_64-fedora-clang | 0.4.0 | 66.87 | NOTE | |||
r-devel-linux-x86_64-fedora-gcc | 0.4.0 | 79.20 | NOTE | |||
r-devel-windows-x86_64 | 0.4.0 | 7.00 | 110.00 | 117.00 | NOTE | |
r-patched-linux-x86_64 | 0.4.0 | 3.13 | 37.72 | 40.85 | NOTE | |
r-release-linux-x86_64 | 0.4.0 | 3.01 | 37.20 | 40.21 | NOTE | |
r-release-macos-arm64 | 0.4.0 | 37.00 | NOTE | |||
r-release-macos-x86_64 | 0.4.0 | 57.00 | NOTE | |||
r-release-windows-x86_64 | 0.4.0 | 6.00 | 102.00 | 108.00 | NOTE | |
r-oldrel-macos-arm64 | 0.4.0 | 32.00 | OK | |||
r-oldrel-macos-x86_64 | 0.4.0 | 45.00 | OK | |||
r-oldrel-windows-x86_64 | 0.4.0 | 6.00 | 72.00 | 78.00 | OK |
Version: 0.4.0
Check: DESCRIPTION meta-information
Result: NOTE
Missing dependency on R >= 4.1.0 because package code uses the pipe
|> or function shorthand \(...) syntax added in R 4.1.0.
File(s) using such syntax:
‘annotate_mf.R’ ‘annotate_mf_all.R’
Flavors: r-devel-linux-x86_64-debian-clang, r-devel-linux-x86_64-debian-gcc, r-devel-linux-x86_64-fedora-clang, r-devel-linux-x86_64-fedora-gcc, r-devel-windows-x86_64, r-patched-linux-x86_64, r-release-linux-x86_64, r-release-macos-arm64, r-release-macos-x86_64, r-release-windows-x86_64