Last updated on 2025-02-22 11:51:46 CET.
Flavor | Version | Tinstall | Tcheck | Ttotal | Status | Flags |
---|---|---|---|---|---|---|
r-devel-linux-x86_64-debian-clang | 1.4.4 | 37.73 | 94.00 | 131.73 | OK | |
r-devel-linux-x86_64-debian-gcc | 1.4.4 | 29.25 | 74.86 | 104.11 | OK | |
r-devel-linux-x86_64-fedora-clang | 1.4.4 | 227.23 | OK | |||
r-devel-linux-x86_64-fedora-gcc | 1.4.4 | 242.92 | OK | |||
r-devel-macos-arm64 | 1.4.4 | 70.00 | OK | |||
r-devel-macos-x86_64 | 1.4.4 | 133.00 | OK | |||
r-devel-windows-x86_64 | 1.4.4 | 36.00 | 153.00 | 189.00 | OK | |
r-patched-linux-x86_64 | 1.4.4 | 39.80 | 98.03 | 137.83 | OK | |
r-release-linux-x86_64 | 1.4.4 | 36.96 | 98.72 | 135.68 | OK | |
r-release-macos-arm64 | 1.4.4 | 69.00 | NOTE | |||
r-release-macos-x86_64 | 1.4.4 | 104.00 | NOTE | |||
r-release-windows-x86_64 | 1.4.4 | 37.00 | 145.00 | 182.00 | OK | |
r-oldrel-macos-arm64 | 1.4.4 | 80.00 | NOTE | |||
r-oldrel-macos-x86_64 | 1.4.4 | 200.00 | NOTE | |||
r-oldrel-windows-x86_64 | 1.4.4 | 46.00 | 177.00 | 223.00 | OK |
Version: 1.4.4
Check: installed package size
Result: NOTE
installed size is 13.9Mb
sub-directories of 1Mb or more:
libs 13.2Mb
Flavors: r-release-macos-arm64, r-release-macos-x86_64, r-oldrel-macos-arm64, r-oldrel-macos-x86_64