Last updated on 2025-07-12 18:49:57 CEST.
Flavor | Version | Tinstall | Tcheck | Ttotal | Status | Flags |
---|---|---|---|---|---|---|
r-devel-linux-x86_64-debian-clang | 1.1.1 | 28.59 | 91.41 | 120.00 | NOTE | |
r-devel-linux-x86_64-debian-gcc | 1.1.1 | 21.43 | 61.80 | 83.23 | NOTE | |
r-devel-linux-x86_64-fedora-clang | 1.1.1 | 196.71 | NOTE | |||
r-devel-linux-x86_64-fedora-gcc | 1.1.1 | 189.52 | NOTE | |||
r-devel-windows-x86_64 | 1.1.1 | 37.00 | 125.00 | 162.00 | NOTE | |
r-patched-linux-x86_64 | 1.1.1 | 29.96 | 85.31 | 115.27 | NOTE | |
r-release-linux-x86_64 | 1.1.1 | 30.20 | 85.84 | 116.04 | NOTE | |
r-release-macos-arm64 | 1.1.1 | 52.00 | NOTE | |||
r-release-macos-x86_64 | 1.1.1 | 96.00 | NOTE | |||
r-release-windows-x86_64 | 1.1.1 | 38.00 | 119.00 | 157.00 | NOTE | |
r-oldrel-macos-arm64 | 1.1.1 | 53.00 | NOTE | |||
r-oldrel-macos-x86_64 | 1.1.1 | 92.00 | NOTE | |||
r-oldrel-windows-x86_64 | 1.1.1 | 44.00 | 155.00 | 199.00 | NOTE |
Version: 1.1.1
Check: package subdirectories
Result: NOTE
Problems with news in ‘NEWS.md’:
No news entries found.
Flavors: r-devel-linux-x86_64-debian-clang, r-devel-linux-x86_64-debian-gcc, r-devel-linux-x86_64-fedora-clang, r-devel-linux-x86_64-fedora-gcc, r-devel-windows-x86_64, r-patched-linux-x86_64, r-release-linux-x86_64, r-release-macos-arm64, r-release-macos-x86_64, r-release-windows-x86_64, r-oldrel-macos-arm64, r-oldrel-macos-x86_64, r-oldrel-windows-x86_64
Version: 1.1.1
Check: LazyData
Result: NOTE
'LazyData' is specified without a 'data' directory
Flavors: r-oldrel-macos-arm64, r-oldrel-macos-x86_64, r-oldrel-windows-x86_64