Last updated on 2025-11-04 05:51:29 CET.
| Flavor | Version | Tinstall | Tcheck | Ttotal | Status | Flags | 
|---|---|---|---|---|---|---|
| r-devel-linux-x86_64-debian-clang | 2.1.0 | 19.37 | 163.09 | 182.46 | OK | |
| r-devel-linux-x86_64-debian-gcc | 2.1.0 | 13.46 | 114.47 | 127.93 | OK | |
| r-devel-linux-x86_64-fedora-clang | 2.1.0 | 44.00 | 234.50 | 278.50 | OK | |
| r-devel-linux-x86_64-fedora-gcc | 2.1.0 | 36.00 | 248.77 | 284.77 | OK | |
| r-devel-windows-x86_64 | 2.1.0 | 21.00 | 175.00 | 196.00 | OK | |
| r-patched-linux-x86_64 | 2.1.0 | 20.02 | 152.71 | 172.73 | OK | |
| r-release-linux-x86_64 | 2.1.0 | 16.95 | 151.42 | 168.37 | OK | |
| r-release-macos-arm64 | 2.1.0 | 7.00 | 70.00 | 77.00 | OK | |
| r-release-macos-x86_64 | 2.1.0 | 18.00 | 157.00 | 175.00 | OK | |
| r-release-windows-x86_64 | 2.1.0 | 22.00 | 194.00 | 216.00 | OK | |
| r-oldrel-macos-arm64 | 2.1.0 | 8.00 | 86.00 | 94.00 | NOTE | |
| r-oldrel-macos-x86_64 | 2.1.0 | 15.00 | 171.00 | 186.00 | NOTE | |
| r-oldrel-windows-x86_64 | 2.1.0 | 32.00 | 221.00 | 253.00 | NOTE | 
Version: 2.1.0
Check: installed package size
Result: NOTE
    installed size is  7.2Mb
    sub-directories of 1Mb or more:
      doc     4.5Mb
      ubinc   2.0Mb
Flavors: r-oldrel-macos-arm64, r-oldrel-macos-x86_64, r-oldrel-windows-x86_64