Last updated on 2025-11-04 05:51:29 CET.
| Flavor | Version | Tinstall | Tcheck | Ttotal | Status | Flags | 
|---|---|---|---|---|---|---|
| r-devel-linux-x86_64-debian-clang | 1.0.2 | 10.38 | 84.56 | 94.94 | NOTE | |
| r-devel-linux-x86_64-debian-gcc | 1.0.2 | 6.52 | 62.29 | 68.81 | NOTE | |
| r-devel-linux-x86_64-fedora-clang | 1.0.2 | 23.00 | 117.32 | 140.32 | NOTE | |
| r-devel-linux-x86_64-fedora-gcc | 1.0.2 | 19.00 | 117.49 | 136.49 | NOTE | |
| r-devel-windows-x86_64 | 1.0.2 | 12.00 | 89.00 | 101.00 | NOTE | |
| r-patched-linux-x86_64 | 1.0.2 | 9.67 | 78.53 | 88.20 | NOTE | |
| r-release-linux-x86_64 | 1.0.2 | 9.41 | 80.72 | 90.13 | NOTE | |
| r-release-macos-arm64 | 1.0.2 | 7.00 | 43.00 | 50.00 | NOTE | |
| r-release-macos-x86_64 | 1.0.2 | 9.00 | 71.00 | 80.00 | NOTE | |
| r-release-windows-x86_64 | 1.0.2 | 13.00 | 109.00 | 122.00 | NOTE | |
| r-oldrel-macos-arm64 | 1.0.2 | 4.00 | 37.00 | 41.00 | NOTE | |
| r-oldrel-macos-x86_64 | 1.0.2 | 7.00 | 52.00 | 59.00 | NOTE | |
| r-oldrel-windows-x86_64 | 1.0.2 | 17.00 | 112.00 | 129.00 | NOTE | 
Version: 1.0.2
Check: Rd files
Result: NOTE
  checkRd: (-1) twosigmag.Rd:83: Lost braces in \itemize; \value handles \item{}{} directly
  checkRd: (-1) twosigmag.Rd:84: Lost braces in \itemize; \value handles \item{}{} directly
  checkRd: (-1) twosigmag.Rd:85: Lost braces in \itemize; \value handles \item{}{} directly
  checkRd: (-1) twosigmag.Rd:86: Lost braces in \itemize; \value handles \item{}{} directly
  checkRd: (-1) twosigmag.Rd:87: Lost braces in \itemize; \value handles \item{}{} directly
  checkRd: (-1) twosigmag.Rd:88: Lost braces in \itemize; \value handles \item{}{} directly
  checkRd: (-1) twosigmag.Rd:89: Lost braces in \itemize; \value handles \item{}{} directly
  checkRd: (-1) twosigmag.Rd:90: Lost braces in \itemize; \value handles \item{}{} directly
  checkRd: (-1) twosigmag.Rd:91: Lost braces in \itemize; \value handles \item{}{} directly
  checkRd: (-1) twosigmag.Rd:92: Lost braces in \itemize; \value handles \item{}{} directly
  checkRd: (-1) twosigmag.Rd:94: Lost braces in \itemize; \value handles \item{}{} directly
  checkRd: (-1) twosigmag.Rd:95: Lost braces in \itemize; \value handles \item{}{} directly
  checkRd: (-1) twosigmag.Rd:96: Lost braces in \itemize; \value handles \item{}{} directly
Flavors: r-devel-linux-x86_64-debian-clang, r-devel-linux-x86_64-debian-gcc, r-devel-linux-x86_64-fedora-clang, r-devel-linux-x86_64-fedora-gcc, r-devel-windows-x86_64, r-patched-linux-x86_64, r-release-linux-x86_64, r-release-macos-arm64, r-release-macos-x86_64, r-release-windows-x86_64, r-oldrel-macos-arm64, r-oldrel-macos-x86_64, r-oldrel-windows-x86_64