CRAN Package Check Results for Package twilio

Last updated on 2025-05-22 00:50:10 CEST.

Flavor Version Tinstall Tcheck Ttotal Status Flags
r-devel-linux-x86_64-debian-clang 0.1.0 3.88 34.17 38.05 OK
r-devel-linux-x86_64-debian-gcc 0.1.0 3.22 27.14 30.36 OK
r-devel-linux-x86_64-fedora-clang 0.1.0 58.20 OK
r-devel-linux-x86_64-fedora-gcc 0.1.0 55.76 OK
r-devel-windows-x86_64 0.1.0 5.00 56.00 61.00 OK
r-patched-linux-x86_64 0.1.0 4.14 31.77 35.91 OK
r-release-linux-x86_64 0.1.0 3.51 32.53 36.04 OK
r-release-macos-arm64 0.1.0 31.00 OK
r-release-macos-x86_64 0.1.0 38.00 OK
r-release-windows-x86_64 0.1.0 5.00 52.00 57.00 OK
r-oldrel-macos-arm64 0.1.0 21.00 NOTE
r-oldrel-macos-x86_64 0.1.0 30.00 NOTE
r-oldrel-windows-x86_64 0.1.0 5.00 60.00 65.00 NOTE

Check Details

Version: 0.1.0
Check: LazyData
Result: NOTE 'LazyData' is specified without a 'data' directory Flavors: r-oldrel-macos-arm64, r-oldrel-macos-x86_64, r-oldrel-windows-x86_64

mirror server hosted at Truenetwork, Russian Federation.