Last updated on 2025-11-04 11:52:47 CET.
| Flavor | Version | Tinstall | Tcheck | Ttotal | Status | Flags | 
|---|---|---|---|---|---|---|
| r-devel-linux-x86_64-debian-clang | 1.2 | 8.92 | 125.79 | 134.71 | NOTE | |
| r-devel-linux-x86_64-debian-gcc | 1.2 | 6.13 | 95.76 | 101.89 | NOTE | |
| r-devel-linux-x86_64-fedora-clang | 1.2 | 20.00 | 186.00 | 206.00 | OK | |
| r-devel-linux-x86_64-fedora-gcc | 1.2 | 20.00 | 197.39 | 217.39 | OK | |
| r-devel-windows-x86_64 | 1.2 | 12.00 | 136.00 | 148.00 | NOTE | |
| r-patched-linux-x86_64 | 1.2 | 9.39 | 120.85 | 130.24 | NOTE | |
| r-release-linux-x86_64 | 1.2 | 8.67 | 121.47 | 130.14 | NOTE | |
| r-release-macos-arm64 | 1.2 | 4.00 | 62.00 | 66.00 | OK | |
| r-release-macos-x86_64 | 1.2 | 8.00 | 115.00 | 123.00 | OK | |
| r-release-windows-x86_64 | 1.2 | 11.00 | 140.00 | 151.00 | NOTE | |
| r-oldrel-macos-arm64 | 1.2 | 4.00 | 57.00 | 61.00 | OK | |
| r-oldrel-macos-x86_64 | 1.2 | 7.00 | 90.00 | 97.00 | OK | |
| r-oldrel-windows-x86_64 | 1.2 | 15.00 | 173.00 | 188.00 | OK | 
Version: 1.2
Check: Rd cross-references
Result: NOTE
  Found the following Rd file(s) with Rd \link{} targets missing package
  anchors:
    dx.wts.mediation.Rd: ps
    wgtmed.Rd: gbm, ps, twang
  Please provide package anchors for all Rd \link{} targets not in the
  package itself and the base packages.
Flavors: r-devel-linux-x86_64-debian-clang, r-devel-linux-x86_64-debian-gcc, r-devel-windows-x86_64, r-patched-linux-x86_64, r-release-linux-x86_64, r-release-windows-x86_64