Last updated on 2025-02-21 17:50:58 CET.
Flavor | Version | Tinstall | Tcheck | Ttotal | Status | Flags |
---|---|---|---|---|---|---|
r-devel-linux-x86_64-debian-clang | 0.3.2 | 41.22 | 70.40 | 111.62 | NOTE | |
r-devel-linux-x86_64-debian-gcc | 0.3.2 | 28.00 | 55.77 | 83.77 | NOTE | |
r-devel-linux-x86_64-fedora-clang | 0.3.2 | 218.06 | NOTE | |||
r-devel-linux-x86_64-fedora-gcc | 0.3.2 | 196.83 | NOTE | |||
r-devel-macos-arm64 | 0.3.2 | 55.00 | NOTE | |||
r-devel-macos-x86_64 | 0.3.2 | 85.00 | NOTE | |||
r-devel-windows-x86_64 | 0.3.2 | 43.00 | 123.00 | 166.00 | NOTE | |
r-patched-linux-x86_64 | 0.3.2 | 40.25 | 67.15 | 107.40 | NOTE | |
r-release-linux-x86_64 | 0.3.2 | 36.85 | 67.00 | 103.85 | NOTE | |
r-release-macos-arm64 | 0.3.2 | 55.00 | NOTE | |||
r-release-macos-x86_64 | 0.3.2 | 76.00 | NOTE | |||
r-release-windows-x86_64 | 0.3.2 | 44.00 | 121.00 | 165.00 | NOTE | |
r-oldrel-macos-arm64 | 0.3.2 | 62.00 | NOTE | |||
r-oldrel-macos-x86_64 | 0.3.2 | 102.00 | NOTE | |||
r-oldrel-windows-x86_64 | 0.3.2 | 52.00 | 136.00 | 188.00 | NOTE |
Version: 0.3.2
Check: C++ specification
Result: NOTE
Specified C++11: please drop specification unless essential
Flavors: r-devel-linux-x86_64-debian-clang, r-devel-linux-x86_64-debian-gcc, r-devel-linux-x86_64-fedora-clang, r-devel-linux-x86_64-fedora-gcc, r-devel-macos-arm64, r-devel-macos-x86_64, r-devel-windows-x86_64, r-patched-linux-x86_64, r-release-linux-x86_64, r-release-macos-arm64, r-release-macos-x86_64, r-release-windows-x86_64, r-oldrel-macos-arm64, r-oldrel-macos-x86_64, r-oldrel-windows-x86_64