Last updated on 2025-02-21 17:50:58 CET.
Flavor | Version | Tinstall | Tcheck | Ttotal | Status | Flags |
---|---|---|---|---|---|---|
r-devel-linux-x86_64-debian-clang | 0.13 | 3.07 | 26.64 | 29.71 | NOTE | |
r-devel-linux-x86_64-debian-gcc | 0.13 | 2.25 | 21.19 | 23.44 | NOTE | |
r-devel-linux-x86_64-fedora-clang | 0.13 | 49.00 | OK | |||
r-devel-linux-x86_64-fedora-gcc | 0.13 | 46.44 | OK | |||
r-devel-macos-arm64 | 0.13 | 21.00 | OK | |||
r-devel-macos-x86_64 | 0.13 | 38.00 | OK | |||
r-devel-windows-x86_64 | 0.13 | 5.00 | 56.00 | 61.00 | NOTE | |
r-patched-linux-x86_64 | 0.13 | 6.92 | 25.16 | 32.08 | OK | |
r-release-linux-x86_64 | 0.13 | 2.46 | 25.35 | 27.81 | OK | |
r-release-macos-arm64 | 0.13 | 20.00 | OK | |||
r-release-macos-x86_64 | 0.13 | 27.00 | OK | |||
r-release-windows-x86_64 | 0.13 | 4.00 | 47.00 | 51.00 | OK | |
r-oldrel-macos-arm64 | 0.13 | 18.00 | OK | |||
r-oldrel-macos-x86_64 | 0.13 | 34.00 | OK | |||
r-oldrel-windows-x86_64 | 0.13 | 5.00 | 57.00 | 62.00 | OK |
Version: 0.13
Check: Rd cross-references
Result: NOTE
Found the following Rd file(s) with Rd \link{} targets missing package
anchors:
tufte_handout.Rd: pdf_document, html_document
Please provide package anchors for all Rd \link{} targets not in the
package itself and the base packages.
Flavors: r-devel-linux-x86_64-debian-clang, r-devel-linux-x86_64-debian-gcc, r-devel-windows-x86_64