CRAN Package Check Results for Package tsoutliers

Last updated on 2025-11-04 13:50:28 CET.

Flavor Version Tinstall Tcheck Ttotal Status Flags
r-devel-linux-x86_64-debian-clang 0.6-10 9.22 90.83 100.05 NOTE
r-devel-linux-x86_64-debian-gcc 0.6-10 7.24 66.65 73.89 NOTE
r-devel-linux-x86_64-fedora-clang 0.6-10 20.00 132.84 152.84 NOTE
r-devel-linux-x86_64-fedora-gcc 0.6-10 21.00 142.07 163.07 NOTE
r-devel-windows-x86_64 0.6-10 11.00 102.00 113.00 NOTE
r-patched-linux-x86_64 0.6-10 9.01 85.11 94.12 OK
r-release-linux-x86_64 0.6-10 9.20 84.04 93.24 OK
r-release-macos-arm64 0.6-10 5.00 52.00 57.00 OK
r-release-macos-x86_64 0.6-10 7.00 82.00 89.00 OK
r-release-windows-x86_64 0.6-10 11.00 109.00 120.00 OK
r-oldrel-macos-arm64 0.6-10 4.00 38.00 42.00 OK
r-oldrel-macos-x86_64 0.6-10 6.00 67.00 73.00 OK
r-oldrel-windows-x86_64 0.6-10 17.00 128.00 145.00 OK

Check Details

Version: 0.6-10
Check: CRAN incoming feasibility
Result: NOTE Maintainer: ‘Javier López-de-Lacalle <javlacalle@yahoo.es>’ No Authors@R field in DESCRIPTION. Please add one, modifying Authors@R: person(given = "Javier", family = "López-de-Lacalle", role = c("aut", "cre"), email = "javlacalle@yahoo.es") as necessary. Flavors: r-devel-linux-x86_64-debian-clang, r-devel-linux-x86_64-debian-gcc

Version: 0.6-10
Check: Rd files
Result: NOTE checkRd: (-1) ipi.Rd:19-30: Only 4 columns allowed in this table (row 10 has 3) Flavors: r-devel-linux-x86_64-debian-clang, r-devel-linux-x86_64-debian-gcc, r-devel-linux-x86_64-fedora-clang, r-devel-linux-x86_64-fedora-gcc, r-devel-windows-x86_64

mirror server hosted at Truenetwork, Russian Federation.