Last updated on 2025-11-03 23:50:36 CET.
| Flavor | Version | Tinstall | Tcheck | Ttotal | Status | Flags | 
|---|---|---|---|---|---|---|
| r-devel-linux-x86_64-debian-clang | 1.0.4 | 10.06 | 81.13 | 91.19 | NOTE | |
| r-devel-linux-x86_64-debian-gcc | 1.0.4 | 8.22 | 57.88 | 66.10 | NOTE | |
| r-devel-linux-x86_64-fedora-clang | 1.0.4 | 22.00 | 118.59 | 140.59 | OK | |
| r-devel-linux-x86_64-fedora-gcc | 1.0.4 | 21.00 | 113.06 | 134.06 | OK | |
| r-devel-windows-x86_64 | 1.0.4 | 14.00 | 114.00 | 128.00 | OK | |
| r-patched-linux-x86_64 | 1.0.4 | 10.45 | 77.63 | 88.08 | OK | |
| r-release-linux-x86_64 | 1.0.4 | 10.84 | 77.87 | 88.71 | OK | |
| r-release-macos-arm64 | 1.0.4 | 5.00 | 41.00 | 46.00 | OK | |
| r-release-macos-x86_64 | 1.0.4 | 10.00 | 69.00 | 79.00 | OK | |
| r-release-windows-x86_64 | 1.0.4 | 14.00 | 122.00 | 136.00 | OK | |
| r-oldrel-macos-arm64 | 1.0.4 | 4.00 | 35.00 | 39.00 | OK | |
| r-oldrel-macos-x86_64 | 1.0.4 | 7.00 | 54.00 | 61.00 | OK | |
| r-oldrel-windows-x86_64 | 1.0.4 | 17.00 | 138.00 | 155.00 | OK | 
Version: 1.0.4
Check: CRAN incoming feasibility
Result: NOTE
  Maintainer: ‘Rainer Schlittgen <R.Schlittgen@t-online.de>’
  
  No Authors@R field in DESCRIPTION.
  Please add one, modifying
    Authors@R: person(given = "Rainer",
                      family = "Schlittgen",
                      role = c("aut", "cre"),
                      email = "r.schlittgen@t-online.de")
  as necessary.
Flavors: r-devel-linux-x86_64-debian-clang, r-devel-linux-x86_64-debian-gcc