CRAN Package Check Results for Package tryCatchLog

Last updated on 2025-07-10 19:18:08 CEST.

Flavor Version Tinstall Tcheck Ttotal Status Flags
r-devel-linux-x86_64-debian-clang 1.3.1 1.74 35.01 36.75 NOTE
r-devel-linux-x86_64-debian-gcc 1.3.1 1.55 28.31 29.86 NOTE
r-devel-linux-x86_64-fedora-clang 1.3.1 61.42 NOTE
r-devel-linux-x86_64-fedora-gcc 1.3.1 85.48 NOTE
r-devel-windows-x86_64 1.3.1 4.00 59.00 63.00 NOTE
r-patched-linux-x86_64 1.3.1 2.61 33.62 36.23 NOTE
r-release-linux-x86_64 1.3.1 2.04 33.53 35.57 NOTE
r-release-macos-arm64 1.3.1 34.00 NOTE
r-release-macos-x86_64 1.3.1 91.00 NOTE
r-release-windows-x86_64 1.3.1 3.00 62.00 65.00 NOTE
r-oldrel-macos-arm64 1.3.1 41.00 NOTE
r-oldrel-macos-x86_64 1.3.1 70.00 NOTE
r-oldrel-windows-x86_64 1.3.1 4.00 65.00 69.00 NOTE

Check Details

Version: 1.3.1
Check: dependencies in R code
Result: NOTE There are ::: calls to the package's namespace in its code. A package almost never needs to use ::: for its own objects: ‘log2console’ Flavors: r-devel-linux-x86_64-debian-clang, r-devel-linux-x86_64-debian-gcc, r-devel-linux-x86_64-fedora-clang, r-devel-linux-x86_64-fedora-gcc, r-devel-windows-x86_64, r-patched-linux-x86_64, r-release-linux-x86_64, r-release-macos-arm64, r-release-macos-x86_64, r-release-windows-x86_64, r-oldrel-macos-arm64, r-oldrel-macos-x86_64, r-oldrel-windows-x86_64

mirror server hosted at Truenetwork, Russian Federation.