Last updated on 2025-05-27 18:50:04 CEST.
Flavor | Version | Tinstall | Tcheck | Ttotal | Status | Flags |
---|---|---|---|---|---|---|
r-devel-linux-x86_64-debian-clang | 0.8.1 | 3.36 | 37.40 | 40.76 | OK | |
r-devel-linux-x86_64-debian-gcc | 0.8.1 | 2.59 | 28.84 | 31.43 | OK | |
r-devel-linux-x86_64-fedora-clang | 0.8.1 | 66.53 | OK | |||
r-devel-linux-x86_64-fedora-gcc | 0.8.1 | 75.19 | OK | |||
r-devel-windows-x86_64 | 0.8.1 | 6.00 | 57.00 | 63.00 | OK | |
r-patched-linux-x86_64 | 0.8.1 | 3.74 | 35.72 | 39.46 | OK | |
r-release-linux-x86_64 | 0.8.1 | 3.65 | 35.88 | 39.53 | OK | |
r-release-macos-arm64 | 0.8.1 | 35.00 | OK | |||
r-release-macos-x86_64 | 0.8.1 | 55.00 | OK | |||
r-release-windows-x86_64 | 0.8.1 | 6.00 | 58.00 | 64.00 | OK | |
r-oldrel-macos-arm64 | 0.8.1 | 28.00 | NOTE | |||
r-oldrel-macos-x86_64 | 0.8.1 | 50.00 | NOTE | |||
r-oldrel-windows-x86_64 | 0.8.1 | 6.00 | 66.00 | 72.00 | NOTE |
Version: 0.8.1
Check: LazyData
Result: NOTE
'LazyData' is specified without a 'data' directory
Flavors: r-oldrel-macos-arm64, r-oldrel-macos-x86_64, r-oldrel-windows-x86_64