Last updated on 2025-11-04 11:52:46 CET.
| Flavor | Version | Tinstall | Tcheck | Ttotal | Status | Flags | 
|---|---|---|---|---|---|---|
| r-devel-linux-x86_64-debian-clang | 0.15-4 | 68.08 | 68.57 | 136.65 | OK | |
| r-devel-linux-x86_64-debian-gcc | 0.15-4 | 45.87 | 49.23 | 95.10 | OK | |
| r-devel-linux-x86_64-fedora-clang | 0.15-4 | 131.00 | 124.62 | 255.62 | OK | |
| r-devel-linux-x86_64-fedora-gcc | 0.15-4 | 148.00 | 76.84 | 224.84 | OK | |
| r-devel-windows-x86_64 | 0.15-4 | 84.00 | 108.00 | 192.00 | OK | |
| r-patched-linux-x86_64 | 0.15-4 | 68.70 | 65.44 | 134.14 | OK | |
| r-release-linux-x86_64 | 0.15-4 | 65.99 | 65.17 | 131.16 | OK | |
| r-release-macos-arm64 | 0.15-4 | 28.00 | 32.00 | 60.00 | OK | |
| r-release-macos-x86_64 | 0.15-4 | 28.00 | 56.00 | 84.00 | OK | |
| r-release-windows-x86_64 | 0.15-4 | 83.00 | 111.00 | 194.00 | OK | |
| r-oldrel-macos-arm64 | 0.15-4 | 24.00 | 35.00 | 59.00 | NOTE | |
| r-oldrel-macos-x86_64 | 0.15-4 | 44.00 | 70.00 | 114.00 | NOTE | |
| r-oldrel-windows-x86_64 | 0.15-4 | 98.00 | 134.00 | 232.00 | OK | 
Version: 0.15-4
Check: installed package size
Result: NOTE
    installed size is  8.8Mb
    sub-directories of 1Mb or more:
      libs   8.2Mb
Flavors: r-oldrel-macos-arm64, r-oldrel-macos-x86_64