Last updated on 2025-11-04 05:51:28 CET.
| Flavor | Version | Tinstall | Tcheck | Ttotal | Status | Flags | 
|---|---|---|---|---|---|---|
| r-devel-linux-x86_64-debian-clang | 1.2-5 | 11.89 | 1290.32 | 1302.21 | OK | |
| r-devel-linux-x86_64-debian-gcc | 1.2-5 | 8.42 | 826.36 | 834.78 | OK | |
| r-devel-linux-x86_64-fedora-clang | 1.2-5 | 42.00 | 2025.96 | 2067.96 | WARN | |
| r-devel-linux-x86_64-fedora-gcc | 1.2-5 | 24.00 | 1537.66 | 1561.66 | WARN | |
| r-devel-windows-x86_64 | 1.2-5 | 14.00 | 439.00 | 453.00 | OK | |
| r-patched-linux-x86_64 | 1.2-5 | 10.33 | 1263.47 | 1273.80 | OK | |
| r-release-linux-x86_64 | 1.2-5 | 11.18 | 1267.56 | 1278.74 | OK | |
| r-release-macos-arm64 | 1.2-5 | 5.00 | 590.00 | 595.00 | OK | |
| r-release-macos-x86_64 | 1.2-5 | 20.00 | 1219.00 | 1239.00 | OK | |
| r-release-windows-x86_64 | 1.2-5 | 13.00 | 439.00 | 452.00 | OK | |
| r-oldrel-macos-arm64 | 1.2-5 | 5.00 | 642.00 | 647.00 | OK | |
| r-oldrel-macos-x86_64 | 1.2-5 | 19.00 | 1308.00 | 1327.00 | OK | |
| r-oldrel-windows-x86_64 | 1.2-5 | 18.00 | 610.00 | 628.00 | OK | 
Version: 1.2-5
Check: re-building of vignette outputs
Result: WARN
  Error(s) in re-building vignettes:
  --- re-building ‘NAMI.Rnw’ using knitr
  Error: processing vignette 'NAMI.Rnw' failed with diagnostics:
  Running 'texi2dvi' on 'NAMI.tex' failed.
  LaTeX errors:
  ! LaTeX Error: Missing \begin{document}.
  
  See the LaTeX manual or LaTeX Companion for explanation.
  Type  H <return>  for immediate help.
   ...                                              
  ! Emergency stop.
   ...                                              
                                                    
  l.161  \DeclareMathOperator{\Chi1}{\chi^2_1}
                                              
  !  ==> Fatal error occurred, no output PDF file produced!
  --- failed re-building ‘NAMI.Rnw’
  
  --- re-building ‘mtram.Rnw’ using knitr
  Error: processing vignette 'mtram.Rnw' failed with diagnostics:
  Running 'texi2dvi' on 'mtram.tex' failed.
  LaTeX errors:
  ! LaTeX Error: Missing \begin{document}.
  
  See the LaTeX manual or LaTeX Companion for explanation.
  Type  H <return>  for immediate help.
   ...                                              
  ! Emergency stop.
   ...                                              
                                                    
  l.232  \DeclareMathOperator{\Chi1}{\chi^2_1}
                                              
  !  ==> Fatal error occurred, no output PDF file produced!
  --- failed re-building ‘mtram.Rnw’
  
  --- re-building ‘survtram.Rnw’ using knitr
  Warning in doTryCatch(return(expr), name, parentenv, handler) :
    semi-transparency is not supported on this device: reported only once per page
  Warning in doTryCatch(return(expr), name, parentenv, handler) :
    semi-transparency is not supported on this device: reported only once per page
  Warning in doTryCatch(return(expr), name, parentenv, handler) :
    semi-transparency is not supported on this device: reported only once per page
  Error: processing vignette 'survtram.Rnw' failed with diagnostics:
  Running 'texi2dvi' on 'survtram.tex' failed.
  LaTeX errors:
  ! LaTeX Error: Missing \begin{document}.
  
  See the LaTeX manual or LaTeX Companion for explanation.
  Type  H <return>  for immediate help.
   ...                                              
  ! Emergency stop.
   ...                                              
                                                    
  l.333  \DeclareMathOperator{\Chi1}{\chi^2_1}
                                              
  !  ==> Fatal error occurred, no output PDF file produced!
  --- failed re-building ‘survtram.Rnw’
  
  --- re-building ‘tram.Rnw’ using knitr
  Error: processing vignette 'tram.Rnw' failed with diagnostics:
  Running 'texi2dvi' on 'tram.tex' failed.
  LaTeX errors:
  ! LaTeX Error: Missing \begin{document}.
  
  See the LaTeX manual or LaTeX Companion for explanation.
  Type  H <return>  for immediate help.
   ...                                              
  ! Emergency stop.
   ...                                              
                                                    
  l.161  \DeclareMathOperator{\Chi1}{\chi^2_1}
                                              
  !  ==> Fatal error occurred, no output PDF file produced!
  --- failed re-building ‘tram.Rnw’
  
  SUMMARY: processing the following files failed:
    ‘NAMI.Rnw’ ‘mtram.Rnw’ ‘survtram.Rnw’ ‘tram.Rnw’
  
  Error: Vignette re-building failed.
  Execution halted
Flavors: r-devel-linux-x86_64-fedora-clang, r-devel-linux-x86_64-fedora-gcc