CRAN Package Check Results for Package trajectories

Last updated on 2025-07-12 18:49:56 CEST.

Flavor Version Tinstall Tcheck Ttotal Status Flags
r-devel-linux-x86_64-debian-clang 0.2-9 11.71 144.64 156.35 NOTE
r-devel-linux-x86_64-debian-gcc 0.2-9 7.80 99.28 107.08 NOTE
r-devel-linux-x86_64-fedora-clang 0.2-9 267.92 OK
r-devel-linux-x86_64-fedora-gcc 0.2-9 260.32 OK
r-devel-windows-x86_64 0.2-9 12.00 180.00 192.00 OK
r-patched-linux-x86_64 0.2-9 13.00 139.96 152.96 NOTE
r-release-linux-x86_64 0.2-9 11.53 137.86 149.39 NOTE
r-release-macos-arm64 0.2-9 81.00 OK
r-release-macos-x86_64 0.2-9 157.00 OK
r-release-windows-x86_64 0.2-9 12.00 179.00 191.00 OK
r-oldrel-macos-arm64 0.2-9 77.00 NOTE
r-oldrel-macos-x86_64 0.2-9 174.00 NOTE
r-oldrel-windows-x86_64 0.2-9 16.00 215.00 231.00 NOTE

Check Details

Version: 0.2-9
Check: for unstated dependencies in ‘demo’
Result: NOTE '::' or ':::' import not declared from: ‘devtools’ 'library' or 'require' calls not declared from: ‘XML’ ‘devtools’ ‘jsonlite’ ‘ks’ ‘maps’ Flavors: r-devel-linux-x86_64-debian-clang, r-devel-linux-x86_64-debian-gcc, r-patched-linux-x86_64, r-release-linux-x86_64

Version: 0.2-9
Check: package dependencies
Result: NOTE Package suggested but not available for checking: ‘taxidata’ Flavors: r-oldrel-macos-arm64, r-oldrel-macos-x86_64, r-oldrel-windows-x86_64

mirror server hosted at Truenetwork, Russian Federation.