CRAN Package Check Results for Package tpfp

Last updated on 2025-07-13 18:52:59 CEST.

Flavor Version Tinstall Tcheck Ttotal Status Flags
r-devel-linux-x86_64-debian-clang 0.0.1 2.00 27.41 29.41 OK
r-devel-linux-x86_64-debian-gcc 0.0.1 1.54 21.95 23.49 OK
r-devel-linux-x86_64-fedora-clang 0.0.1 49.73 NOTE
r-devel-linux-x86_64-fedora-gcc 0.0.1 59.74 NOTE
r-devel-windows-x86_64 0.0.1 4.00 53.00 57.00 OK
r-patched-linux-x86_64 0.0.1 2.31 25.91 28.22 OK
r-release-linux-x86_64 0.0.1 2.24 25.37 27.61 OK
r-release-macos-arm64 0.0.1 28.00 OK
r-release-macos-x86_64 0.0.1 44.00 OK
r-release-windows-x86_64 0.0.1 4.00 56.00 60.00 OK
r-oldrel-macos-arm64 0.0.1 25.00 OK
r-oldrel-macos-x86_64 0.0.1 36.00 OK
r-oldrel-windows-x86_64 0.0.1 5.00 57.00 62.00 OK

Check Details

Version: 0.0.1
Check: dependencies in R code
Result: NOTE Namespace in Imports field not imported from: ‘knitr’ All declared Imports should be used. Flavors: r-devel-linux-x86_64-fedora-clang, r-devel-linux-x86_64-fedora-gcc

mirror server hosted at Truenetwork, Russian Federation.