Last updated on 2025-02-22 11:51:45 CET.
Flavor | Version | Tinstall | Tcheck | Ttotal | Status | Flags |
---|---|---|---|---|---|---|
r-devel-linux-x86_64-debian-clang | 0.6.6 | 16.63 | 55.42 | 72.05 | OK | |
r-devel-linux-x86_64-debian-gcc | 0.6.6 | 10.05 | 37.72 | 47.77 | OK | |
r-devel-linux-x86_64-fedora-clang | 0.6.6 | 118.60 | OK | |||
r-devel-linux-x86_64-fedora-gcc | 0.6.6 | 105.82 | OK | |||
r-devel-macos-arm64 | 0.6.6 | 35.00 | OK | |||
r-devel-macos-x86_64 | 0.6.6 | 63.00 | OK | |||
r-devel-windows-x86_64 | 0.6.6 | 16.00 | 84.00 | 100.00 | OK | |
r-patched-linux-x86_64 | 0.6.6 | 16.64 | 51.38 | 68.02 | OK | |
r-release-linux-x86_64 | 0.6.6 | 13.89 | 51.62 | 65.51 | OK | |
r-release-macos-arm64 | 0.6.6 | 33.00 | NOTE | |||
r-release-macos-x86_64 | 0.6.6 | 50.00 | NOTE | |||
r-release-windows-x86_64 | 0.6.6 | 17.00 | 78.00 | 95.00 | OK | |
r-oldrel-macos-arm64 | 0.6.6 | 35.00 | OK | |||
r-oldrel-macos-x86_64 | 0.6.6 | 53.00 | NOTE | |||
r-oldrel-windows-x86_64 | 0.6.6 | 22.00 | 90.00 | 112.00 | OK |
Version: 0.6.6
Check: installed package size
Result: NOTE
installed size is 5.6Mb
sub-directories of 1Mb or more:
data 5.2Mb
Flavors: r-release-macos-arm64, r-release-macos-x86_64, r-oldrel-macos-x86_64