Last updated on 2025-11-04 05:51:28 CET.
| Flavor | Version | Tinstall | Tcheck | Ttotal | Status | Flags | 
|---|---|---|---|---|---|---|
| r-devel-linux-x86_64-debian-clang | 1.5.0 | 53.33 | 422.16 | 475.49 | NOTE | |
| r-devel-linux-x86_64-debian-gcc | 1.5.0 | 39.65 | 317.47 | 357.12 | NOTE | |
| r-devel-linux-x86_64-fedora-clang | 1.5.0 | 279.00 | 501.87 | 780.87 | OK | |
| r-devel-linux-x86_64-fedora-gcc | 1.5.0 | 107.00 | 605.92 | 712.92 | OK | |
| r-devel-windows-x86_64 | 1.5.0 | 52.00 | 333.00 | 385.00 | OK | |
| r-patched-linux-x86_64 | 1.5.0 | 0.30 | 1.70 | 2.00 | ERROR | |
| r-release-linux-x86_64 | 1.5.0 | 50.85 | 401.91 | 452.76 | OK | |
| r-release-macos-arm64 | 1.5.0 | 24.00 | 155.00 | 179.00 | OK | |
| r-release-macos-x86_64 | 1.5.0 | 7.00 | ERROR | |||
| r-release-windows-x86_64 | 1.5.0 | 50.00 | 330.00 | 380.00 | OK | |
| r-oldrel-macos-arm64 | 1.5.0 | 27.00 | 164.00 | 191.00 | OK | |
| r-oldrel-macos-x86_64 | 1.5.0 | 39.00 | 252.00 | 291.00 | OK | |
| r-oldrel-windows-x86_64 | 1.5.0 | 68.00 | 444.00 | 512.00 | OK | 
Version: 1.5.0
Check: CRAN incoming feasibility
Result: NOTE
  Maintainer: ‘Gabriele Sales <gabriele.sales@unipd.it>’
  
  No Authors@R field in DESCRIPTION.
  Please add one, modifying
    Authors@R: c(person(given = "Sofia",
                        family = "Massa",
                        role = "aut"),
                 person(given = "Gabriele",
                        family = "Sales",
                        role = c("aut", "cre"),
                        email = "gabriele.sales@unipd.it"))
  as necessary.
Flavors: r-devel-linux-x86_64-debian-clang, r-devel-linux-x86_64-debian-gcc
Version: 1.5.0
Check: package dependencies
Result: ERROR
  Package required but not available: ‘qpgraph’
  
  See section ‘The DESCRIPTION file’ in the ‘Writing R Extensions’
  manual.
Flavors: r-patched-linux-x86_64, r-release-macos-x86_64