Last updated on 2025-10-14 18:50:32 CEST.
Flavor | Version | Tinstall | Tcheck | Ttotal | Status | Flags |
---|---|---|---|---|---|---|
r-devel-linux-x86_64-debian-clang | 0.0.1 | 6.85 | 62.36 | 69.21 | NOTE | |
r-devel-linux-x86_64-debian-gcc | 0.0.1 | 4.55 | 44.47 | 49.02 | NOTE | |
r-devel-linux-x86_64-fedora-clang | 0.0.1 | 109.81 | NOTE | |||
r-devel-linux-x86_64-fedora-gcc | 0.0.1 | 98.77 | NOTE | |||
r-devel-windows-x86_64 | 0.0.1 | 10.00 | 70.00 | 80.00 | NOTE | |
r-patched-linux-x86_64 | 0.0.1 | 5.77 | 57.60 | 63.37 | NOTE | |
r-release-linux-x86_64 | 0.0.1 | 6.63 | 57.49 | 64.12 | NOTE | |
r-release-macos-arm64 | 0.0.1 | 28.00 | NOTE | |||
r-release-macos-x86_64 | 0.0.1 | 47.00 | NOTE | |||
r-release-windows-x86_64 | 0.0.1 | 9.00 | 72.00 | 81.00 | NOTE | |
r-oldrel-macos-arm64 | 0.0.1 | 28.00 | NOTE | |||
r-oldrel-macos-x86_64 | 0.0.1 | 41.00 | NOTE | |||
r-oldrel-windows-x86_64 | 0.0.1 | 11.00 | 90.00 | 101.00 | NOTE |
Version: 0.0.1
Check: Rd files
Result: NOTE
checkRd: (-1) fixed_width_no_modeling.Rd:26: Lost braces in \itemize; \value handles \item{}{} directly
checkRd: (-1) fixed_width_no_modeling.Rd:27: Lost braces in \itemize; \value handles \item{}{} directly
checkRd: (-1) fixed_width_no_modeling.Rd:28: Lost braces in \itemize; \value handles \item{}{} directly
Flavors: r-devel-linux-x86_64-debian-clang, r-devel-linux-x86_64-debian-gcc, r-devel-linux-x86_64-fedora-clang, r-devel-linux-x86_64-fedora-gcc, r-devel-windows-x86_64, r-patched-linux-x86_64, r-release-linux-x86_64, r-release-macos-arm64, r-release-macos-x86_64, r-release-windows-x86_64, r-oldrel-macos-arm64, r-oldrel-macos-x86_64, r-oldrel-windows-x86_64