CRAN Package Check Results for Package tmcn

Last updated on 2025-07-16 00:49:57 CEST.

Flavor Version Tinstall Tcheck Ttotal Status Flags
r-devel-linux-x86_64-debian-clang 0.2-13 3.61 25.70 29.31 NOTE
r-devel-linux-x86_64-debian-gcc 0.2-13 2.97 20.41 23.38 NOTE
r-devel-linux-x86_64-fedora-clang 0.2-13 43.12 OK
r-devel-linux-x86_64-fedora-gcc 0.2-13 41.36 OK
r-devel-windows-x86_64 0.2-13 7.00 51.00 58.00 OK
r-patched-linux-x86_64 0.2-13 3.85 24.15 28.00 OK
r-release-linux-x86_64 0.2-13 3.17 23.37 26.54 OK
r-release-macos-arm64 0.2-13 24.00 OK
r-release-macos-x86_64 0.2-13 32.00 OK
r-release-windows-x86_64 0.2-13 9.00 66.00 75.00 OK
r-oldrel-macos-arm64 0.2-13 27.00 OK
r-oldrel-macos-x86_64 0.2-13 29.00 OK
r-oldrel-windows-x86_64 0.2-13 9.00 54.00 63.00 OK

Check Details

Version: 0.2-13
Check: CRAN incoming feasibility
Result: NOTE Maintainer: ‘Jian Li <rweibo@sina.com>’ No Authors@R field in DESCRIPTION. Please add one, modifying Authors@R: person(given = "Jian", family = "Li", role = c("aut", "cre"), email = "rweibo@sina.com") as necessary. Flavors: r-devel-linux-x86_64-debian-clang, r-devel-linux-x86_64-debian-gcc

mirror server hosted at Truenetwork, Russian Federation.