Last updated on 2025-02-21 17:50:57 CET.
Flavor | Version | Tinstall | Tcheck | Ttotal | Status | Flags |
---|---|---|---|---|---|---|
r-devel-linux-x86_64-debian-clang | 1.0.3 | 274.99 | 155.81 | 430.80 | OK | |
r-devel-linux-x86_64-debian-gcc | 1.0.3 | 176.14 | 122.44 | 298.58 | OK | |
r-devel-linux-x86_64-fedora-clang | 1.0.3 | 735.35 | NOTE | |||
r-devel-linux-x86_64-fedora-gcc | 1.0.3 | 747.96 | NOTE | |||
r-devel-macos-arm64 | 1.0.3 | 247.00 | OK | |||
r-devel-macos-x86_64 | 1.0.3 | 380.00 | OK | |||
r-devel-windows-x86_64 | 1.0.3 | 222.00 | 193.00 | 415.00 | OK | |
r-patched-linux-x86_64 | 1.0.3 | 248.30 | 164.81 | 413.11 | NOTE | |
r-release-linux-x86_64 | 1.0.3 | 227.76 | 163.29 | 391.05 | NOTE | |
r-release-macos-arm64 | 1.0.3 | 131.00 | NOTE | |||
r-release-macos-x86_64 | 1.0.3 | 206.00 | NOTE | |||
r-release-windows-x86_64 | 1.0.3 | 239.00 | 185.00 | 424.00 | NOTE | |
r-oldrel-macos-arm64 | 1.0.3 | 206.00 | NOTE | |||
r-oldrel-macos-x86_64 | 1.0.3 | 406.00 | NOTE | |||
r-oldrel-windows-x86_64 | 1.0.3 | 324.00 | 229.00 | 553.00 | NOTE |
Version: 1.0.3
Check: dependencies in R code
Result: NOTE
Namespace in Imports field not imported from: ‘sp’
All declared Imports should be used.
Flavors: r-devel-linux-x86_64-fedora-clang, r-devel-linux-x86_64-fedora-gcc
Version: 1.0.3
Check: for GNU extensions in Makefiles
Result: NOTE
GNU make is a SystemRequirements.
Flavors: r-patched-linux-x86_64, r-release-linux-x86_64, r-release-macos-arm64, r-release-macos-x86_64, r-release-windows-x86_64, r-oldrel-macos-arm64, r-oldrel-macos-x86_64, r-oldrel-windows-x86_64
Version: 1.0.3
Check: installed package size
Result: NOTE
installed size is 95.8Mb
sub-directories of 1Mb or more:
doc 1.9Mb
libs 91.9Mb
Flavors: r-release-macos-arm64, r-release-macos-x86_64, r-release-windows-x86_64, r-oldrel-macos-arm64, r-oldrel-macos-x86_64, r-oldrel-windows-x86_64