CRAN Package Check Results for Package tinylens

Last updated on 2025-02-22 05:51:54 CET.

Flavor Version Tinstall Tcheck Ttotal Status Flags
r-devel-linux-x86_64-debian-clang 0.1.0 3.04 27.26 30.30 NOTE
r-devel-linux-x86_64-debian-gcc 0.1.0 1.90 21.32 23.22 NOTE
r-devel-linux-x86_64-fedora-clang 0.1.0 51.37 NOTE
r-devel-linux-x86_64-fedora-gcc 0.1.0 46.37 NOTE
r-devel-macos-arm64 0.1.0 22.00 OK
r-devel-macos-x86_64 0.1.0 37.00 NOTE
r-devel-windows-x86_64 0.1.0 4.00 51.00 55.00 NOTE
r-patched-linux-x86_64 0.1.0 2.90 25.99 28.89 OK
r-release-linux-x86_64 0.1.0 2.67 25.98 28.65 OK
r-release-macos-arm64 0.1.0 23.00 OK
r-release-macos-x86_64 0.1.0 39.00 OK
r-release-windows-x86_64 0.1.0 4.00 50.00 54.00 OK
r-oldrel-macos-arm64 0.1.0 25.00 OK
r-oldrel-macos-x86_64 0.1.0 37.00 OK
r-oldrel-windows-x86_64 0.1.0 5.00 56.00 61.00 OK

Check Details

Version: 0.1.0
Check: DESCRIPTION meta-information
Result: NOTE Missing dependency on R >= 4.1.0 because package code uses the pipe |> or function shorthand \(...) syntax added in R 4.1.0. File(s) using such syntax: ‘base-lenses.R’ Flavors: r-devel-linux-x86_64-debian-clang, r-devel-linux-x86_64-debian-gcc, r-devel-linux-x86_64-fedora-clang, r-devel-linux-x86_64-fedora-gcc, r-devel-macos-x86_64, r-devel-windows-x86_64

mirror server hosted at Truenetwork, Russian Federation.