CRAN Package Check Results for Package tinyProject

Last updated on 2025-05-21 01:49:42 CEST.

Flavor Version Tinstall Tcheck Ttotal Status Flags
r-devel-linux-x86_64-debian-clang 0.6.1 2.16 25.56 27.72 NOTE
r-devel-linux-x86_64-debian-gcc 0.6.1 1.45 20.83 22.28 NOTE
r-devel-linux-x86_64-fedora-clang 0.6.1 42.35 OK
r-devel-linux-x86_64-fedora-gcc 0.6.1 52.61 OK
r-devel-windows-x86_64 0.6.1 4.00 60.00 64.00 OK
r-patched-linux-x86_64 0.6.1 2.33 23.61 25.94 OK
r-release-linux-x86_64 0.6.1 2.01 24.10 26.11 OK
r-release-macos-arm64 0.6.1 35.00 OK
r-release-macos-x86_64 0.6.1 49.00 OK
r-release-windows-x86_64 0.6.1 3.00 63.00 66.00 OK
r-oldrel-macos-arm64 0.6.1 24.00 OK
r-oldrel-macos-x86_64 0.6.1 39.00 OK
r-oldrel-windows-x86_64 0.6.1 4.00 55.00 59.00 OK

Check Details

Version: 0.6.1
Check: CRAN incoming feasibility
Result: NOTE Maintainer: ‘Francois Guillem <guillem.francois@gmail.com>’ No Authors@R field in DESCRIPTION. Please add one, modifying Authors@R: person(given = "Francois", family = "Guillem", role = c("aut", "cre"), email = "guillem.francois@gmail.com") as necessary. Flavors: r-devel-linux-x86_64-debian-clang, r-devel-linux-x86_64-debian-gcc

mirror server hosted at Truenetwork, Russian Federation.