CRAN Package Check Results for Package timevarcorr

Last updated on 2025-05-23 12:49:42 CEST.

Flavor Version Tinstall Tcheck Ttotal Status Flags
r-devel-linux-x86_64-debian-clang 0.1.1 2.29 55.01 57.30 NOTE
r-devel-linux-x86_64-debian-gcc 0.1.1 1.92 37.19 39.11 NOTE
r-devel-linux-x86_64-fedora-clang 0.1.1 92.91 NOTE
r-devel-linux-x86_64-fedora-gcc 0.1.1 88.27 NOTE
r-devel-windows-x86_64 0.1.1 5.00 76.00 81.00 NOTE
r-patched-linux-x86_64 0.1.1 2.67 52.01 54.68 NOTE
r-release-linux-x86_64 0.1.1 2.17 51.62 53.79 NOTE
r-release-macos-arm64 0.1.1 29.00 NOTE
r-release-macos-x86_64 0.1.1 56.00 NOTE
r-release-windows-x86_64 0.1.1 3.00 75.00 78.00 NOTE
r-oldrel-macos-arm64 0.1.1 32.00 OK
r-oldrel-macos-x86_64 0.1.1 61.00 OK
r-oldrel-windows-x86_64 0.1.1 5.00 87.00 92.00 OK

Check Details

Version: 0.1.1
Check: DESCRIPTION meta-information
Result: NOTE Missing dependency on R >= 4.1.0 because package code uses the pipe |> or function shorthand \(...) syntax added in R 4.1.0. File(s) using such syntax: ‘tcor.Rd’ Flavors: r-devel-linux-x86_64-debian-clang, r-devel-linux-x86_64-debian-gcc, r-devel-linux-x86_64-fedora-clang, r-devel-linux-x86_64-fedora-gcc, r-devel-windows-x86_64, r-patched-linux-x86_64, r-release-linux-x86_64, r-release-macos-arm64, r-release-macos-x86_64, r-release-windows-x86_64

mirror server hosted at Truenetwork, Russian Federation.