Last updated on 2025-11-04 11:52:46 CET.
| Flavor | Version | Tinstall | Tcheck | Ttotal | Status | Flags | 
|---|---|---|---|---|---|---|
| r-devel-linux-x86_64-debian-clang | 0.3.0 | 31.36 | 27.46 | 58.82 | OK | |
| r-devel-linux-x86_64-debian-gcc | 0.3.0 | 20.64 | 21.60 | 42.24 | OK | |
| r-devel-linux-x86_64-fedora-clang | 0.3.0 | 80.00 | 32.19 | 112.19 | OK | |
| r-devel-linux-x86_64-fedora-gcc | 0.3.0 | 70.00 | 26.03 | 96.03 | OK | |
| r-devel-windows-x86_64 | 0.3.0 | 47.00 | 71.00 | 118.00 | OK | |
| r-patched-linux-x86_64 | 0.3.0 | 29.16 | 25.52 | 54.68 | OK | |
| r-release-linux-x86_64 | 0.3.0 | 28.91 | 25.40 | 54.31 | OK | |
| r-release-macos-arm64 | 0.3.0 | 12.00 | 15.00 | 27.00 | ERROR | |
| r-release-macos-x86_64 | 0.3.0 | 11.00 | 33.00 | 44.00 | OK | |
| r-release-windows-x86_64 | 0.3.0 | 43.00 | 70.00 | 113.00 | OK | |
| r-oldrel-macos-arm64 | 0.3.0 | 10.00 | 22.00 | 32.00 | OK | |
| r-oldrel-macos-x86_64 | 0.3.0 | 9.00 | 26.00 | 35.00 | OK | |
| r-oldrel-windows-x86_64 | 0.3.0 | 50.00 | 83.00 | 133.00 | OK | 
Version: 0.3.0
Check: tests
Result: ERROR
    Running ‘testthat.R’ [0s/0s]
  Running the tests in ‘tests/testthat.R’ failed.
  Complete output:
    > 
    > library(testthat)
    > test_check("timechange")
    Loading required package: timechange
    Error in loadNamespace(x) : there is no package called 'desc'
    Calls: test_check ... loadNamespace -> withRestarts -> withOneRestart -> doWithOneRestart
    Execution halted
Flavor: r-release-macos-arm64