Last updated on 2025-05-23 12:49:42 CEST.
Flavor | Version | Tinstall | Tcheck | Ttotal | Status | Flags |
---|---|---|---|---|---|---|
r-devel-linux-x86_64-debian-clang | 0.1.7 | 2.77 | 42.79 | 45.56 | OK | |
r-devel-linux-x86_64-debian-gcc | 0.1.7 | 2.07 | 33.42 | 35.49 | OK | |
r-devel-linux-x86_64-fedora-clang | 0.1.7 | 74.59 | OK | |||
r-devel-linux-x86_64-fedora-gcc | 0.1.7 | 74.27 | OK | |||
r-devel-windows-x86_64 | 0.1.7 | 4.00 | 106.00 | 110.00 | OK | |
r-patched-linux-x86_64 | 0.1.7 | 2.78 | 41.86 | 44.64 | OK | |
r-release-linux-x86_64 | 0.1.7 | 2.57 | 42.42 | 44.99 | OK | |
r-release-macos-arm64 | 0.1.7 | 30.00 | OK | |||
r-release-macos-x86_64 | 0.1.7 | 64.00 | OK | |||
r-release-windows-x86_64 | 0.1.7 | 4.00 | 96.00 | 100.00 | OK | |
r-oldrel-macos-arm64 | 0.1.7 | 26.00 | NOTE | |||
r-oldrel-macos-x86_64 | 0.1.7 | 46.00 | NOTE | |||
r-oldrel-windows-x86_64 | 0.1.7 | 5.00 | 74.00 | 79.00 | NOTE |
Version: 0.1.7
Check: package dependencies
Result: NOTE
Package suggested but not available for checking: ‘rrelaxiv’
Flavors: r-oldrel-macos-arm64, r-oldrel-macos-x86_64, r-oldrel-windows-x86_64