Last updated on 2025-11-04 11:52:46 CET.
| Flavor | Version | Tinstall | Tcheck | Ttotal | Status | Flags | 
|---|---|---|---|---|---|---|
| r-devel-linux-x86_64-debian-clang | 1.2.3 | 355.57 | 88.33 | 443.90 | OK | |
| r-devel-linux-x86_64-debian-gcc | 1.2.3 | 239.49 | 64.87 | 304.36 | OK | |
| r-devel-linux-x86_64-fedora-clang | 1.2.3 | 433.00 | 218.37 | 651.37 | OK | |
| r-devel-linux-x86_64-fedora-gcc | 1.2.3 | 463.00 | 297.53 | 760.53 | OK | |
| r-devel-windows-x86_64 | 1.2.3 | 304.00 | 140.00 | 444.00 | OK | |
| r-patched-linux-x86_64 | 1.2.3 | 309.63 | 83.93 | 393.56 | OK | |
| r-release-linux-x86_64 | 1.2.3 | 311.38 | 83.55 | 394.93 | OK | |
| r-release-macos-arm64 | 1.2.3 | 157.00 | 47.00 | 204.00 | OK | |
| r-release-macos-x86_64 | 1.2.3 | 133.00 | 86.00 | 219.00 | OK | |
| r-release-windows-x86_64 | 1.2.3 | 298.00 | 146.00 | 444.00 | OK | |
| r-oldrel-macos-arm64 | 1.2.3 | 161.00 | 61.00 | 222.00 | NOTE | |
| r-oldrel-macos-x86_64 | 1.2.3 | 134.00 | 108.00 | 242.00 | NOTE | |
| r-oldrel-windows-x86_64 | 1.2.3 | 350.00 | 182.00 | 532.00 | OK | 
Version: 1.2.3
Check: installed package size
Result: NOTE
    installed size is 46.4Mb
    sub-directories of 1Mb or more:
      libs  45.5Mb
Flavors: r-oldrel-macos-arm64, r-oldrel-macos-x86_64