Last updated on 2025-11-28 12:48:54 CET.
| Flavor | Version | Tinstall | Tcheck | Ttotal | Status | Flags |
|---|---|---|---|---|---|---|
| r-devel-linux-x86_64-debian-clang | 1.3.1 | 13.87 | 91.02 | 104.89 | NOTE | |
| r-devel-linux-x86_64-debian-gcc | 1.3.1 | 8.29 | 63.39 | 71.68 | NOTE | |
| r-devel-linux-x86_64-fedora-clang | 1.3.1 | 100.00 | 88.95 | 188.95 | NOTE | |
| r-devel-linux-x86_64-fedora-gcc | 1.3.1 | 59.00 | 110.92 | 169.92 | NOTE | |
| r-devel-windows-x86_64 | 1.3.1 | 23.00 | 106.00 | 129.00 | NOTE | |
| r-patched-linux-x86_64 | 1.3.1 | 13.84 | 83.00 | 96.84 | NOTE | |
| r-release-linux-x86_64 | 1.3.1 | 12.92 | 83.02 | 95.94 | NOTE | |
| r-release-macos-arm64 | 1.3.1 | NOTE | ||||
| r-release-macos-x86_64 | 1.3.1 | 12.00 | 66.00 | 78.00 | NOTE | |
| r-release-windows-x86_64 | 1.3.1 | 18.00 | 116.00 | 134.00 | NOTE | |
| r-oldrel-macos-arm64 | 1.3.1 | OK | ||||
| r-oldrel-macos-x86_64 | 1.3.1 | 10.00 | 53.00 | 63.00 | OK | |
| r-oldrel-windows-x86_64 | 1.3.1 | 22.00 | 133.00 | 155.00 | OK |
Version: 1.3.1
Check: DESCRIPTION meta-information
Result: NOTE
Missing dependency on R >= 4.1.0 because package code uses the pipe
|> or function shorthand \(...) syntax added in R 4.1.0.
File(s) using such syntax:
‘iterate.Rd’ ‘random_walk_rank.Rd’
Flavors: r-devel-linux-x86_64-debian-clang, r-devel-linux-x86_64-debian-gcc, r-devel-linux-x86_64-fedora-clang, r-devel-linux-x86_64-fedora-gcc, r-devel-windows-x86_64, r-patched-linux-x86_64, r-release-linux-x86_64, r-release-macos-arm64, r-release-macos-x86_64, r-release-windows-x86_64