Last updated on 2025-11-03 17:50:05 CET.
| Flavor | Version | Tinstall | Tcheck | Ttotal | Status | Flags |
|---|---|---|---|---|---|---|
| r-devel-linux-x86_64-debian-clang | 0.1.1 | 2.84 | 38.15 | 40.99 | OK | |
| r-devel-linux-x86_64-debian-gcc | 0.1.1 | 2.21 | 29.82 | 32.03 | OK | |
| r-devel-linux-x86_64-fedora-clang | 0.1.1 | 62.15 | OK | |||
| r-devel-linux-x86_64-fedora-gcc | 0.1.1 | 73.51 | OK | |||
| r-devel-windows-x86_64 | 0.1.1 | 5.00 | 55.00 | 60.00 | OK | |
| r-patched-linux-x86_64 | 0.1.1 | 3.09 | 35.39 | 38.48 | OK | |
| r-release-linux-x86_64 | 0.1.1 | 3.03 | 35.51 | 38.54 | OK | |
| r-release-macos-arm64 | 0.1.1 | 1.00 | 26.00 | 27.00 | OK | |
| r-release-macos-x86_64 | 0.1.1 | 3.00 | 43.00 | 46.00 | OK | |
| r-release-windows-x86_64 | 0.1.1 | 7.00 | 55.00 | 62.00 | OK | |
| r-oldrel-macos-arm64 | 0.1.1 | 2.00 | 25.00 | 27.00 | NOTE | |
| r-oldrel-macos-x86_64 | 0.1.1 | 2.00 | 40.00 | 42.00 | NOTE | |
| r-oldrel-windows-x86_64 | 0.1.1 | 7.00 | 71.00 | 78.00 | NOTE |
Version: 0.1.1
Check: LazyData
Result: NOTE
'LazyData' is specified without a 'data' directory
Flavors: r-oldrel-macos-arm64, r-oldrel-macos-x86_64, r-oldrel-windows-x86_64