CRAN Package Check Results for Package tictactoe

Last updated on 2025-02-22 11:51:45 CET.

Flavor Version Tinstall Tcheck Ttotal Status Flags
r-devel-linux-x86_64-debian-clang 0.2.2 2.67 31.48 34.15 OK
r-devel-linux-x86_64-debian-gcc 0.2.2 1.93 22.76 24.69 OK
r-devel-linux-x86_64-fedora-clang 0.2.2 57.18 OK
r-devel-linux-x86_64-fedora-gcc 0.2.2 50.65 OK
r-devel-macos-arm64 0.2.2 19.00 OK
r-devel-macos-x86_64 0.2.2 35.00 OK
r-devel-windows-x86_64 0.2.2 3.00 55.00 58.00 OK
r-patched-linux-x86_64 0.2.2 2.74 29.94 32.68 NOTE
r-release-linux-x86_64 0.2.2 2.55 30.00 32.55 NOTE
r-release-macos-arm64 0.2.2 18.00 NOTE
r-release-macos-x86_64 0.2.2 27.00 NOTE
r-release-windows-x86_64 0.2.2 4.00 51.00 55.00 NOTE
r-oldrel-macos-arm64 0.2.2 23.00 NOTE
r-oldrel-macos-x86_64 0.2.2 28.00 NOTE
r-oldrel-windows-x86_64 0.2.2 3.00 57.00 60.00 NOTE

Check Details

Version: 0.2.2
Check: LazyData
Result: NOTE 'LazyData' is specified without a 'data' directory Flavors: r-patched-linux-x86_64, r-release-linux-x86_64, r-release-macos-arm64, r-release-macos-x86_64, r-release-windows-x86_64, r-oldrel-macos-arm64, r-oldrel-macos-x86_64, r-oldrel-windows-x86_64

mirror server hosted at Truenetwork, Russian Federation.