Last updated on 2025-05-27 18:50:03 CEST.
Flavor | Version | Tinstall | Tcheck | Ttotal | Status | Flags |
---|---|---|---|---|---|---|
r-devel-linux-x86_64-debian-clang | 0.2.2 | 6.87 | 57.82 | 64.69 | OK | |
r-devel-linux-x86_64-debian-gcc | 0.2.2 | 4.98 | 42.33 | 47.31 | OK | |
r-devel-linux-x86_64-fedora-clang | 0.2.2 | 100.41 | OK | |||
r-devel-linux-x86_64-fedora-gcc | 0.2.2 | 102.07 | OK | |||
r-devel-windows-x86_64 | 0.2.2 | 8.00 | 73.00 | 81.00 | OK | |
r-patched-linux-x86_64 | 0.2.2 | 6.74 | 52.47 | 59.21 | OK | |
r-release-linux-x86_64 | 0.2.2 | 6.45 | 53.02 | 59.47 | OK | |
r-release-macos-arm64 | 0.2.2 | 36.00 | OK | |||
r-release-macos-x86_64 | 0.2.2 | 63.00 | OK | |||
r-release-windows-x86_64 | 0.2.2 | 9.00 | 73.00 | 82.00 | OK | |
r-oldrel-macos-arm64 | 0.2.2 | 35.00 | NOTE | |||
r-oldrel-macos-x86_64 | 0.2.2 | 53.00 | NOTE | |||
r-oldrel-windows-x86_64 | 0.2.2 | 11.00 | 88.00 | 99.00 | NOTE |
Version: 0.2.2
Check: LazyData
Result: NOTE
'LazyData' is specified without a 'data' directory
Flavors: r-oldrel-macos-arm64, r-oldrel-macos-x86_64, r-oldrel-windows-x86_64