Last updated on 2025-05-27 18:50:03 CEST.
Flavor | Version | Tinstall | Tcheck | Ttotal | Status | Flags |
---|---|---|---|---|---|---|
r-devel-linux-x86_64-debian-clang | 0.4.0 | 4.22 | 34.89 | 39.11 | OK | |
r-devel-linux-x86_64-debian-gcc | 0.4.0 | 3.09 | 26.89 | 29.98 | OK | |
r-devel-linux-x86_64-fedora-clang | 0.4.0 | 64.32 | OK | |||
r-devel-linux-x86_64-fedora-gcc | 0.4.0 | 70.08 | OK | |||
r-devel-windows-x86_64 | 0.4.0 | 6.00 | 52.00 | 58.00 | OK | |
r-patched-linux-x86_64 | 0.4.0 | 4.87 | 32.34 | 37.21 | OK | |
r-release-linux-x86_64 | 0.4.0 | 4.44 | 32.22 | 36.66 | OK | |
r-release-macos-arm64 | 0.4.0 | 44.00 | OK | |||
r-release-macos-x86_64 | 0.4.0 | 56.00 | OK | |||
r-release-windows-x86_64 | 0.4.0 | 6.00 | 54.00 | 60.00 | OK | |
r-oldrel-macos-arm64 | 0.4.0 | 26.00 | NOTE | |||
r-oldrel-macos-x86_64 | 0.4.0 | 40.00 | NOTE | |||
r-oldrel-windows-x86_64 | 0.4.0 | 8.00 | 61.00 | 69.00 | NOTE |
Version: 0.4.0
Check: LazyData
Result: NOTE
'LazyData' is specified without a 'data' directory
Flavors: r-oldrel-macos-arm64, r-oldrel-macos-x86_64, r-oldrel-windows-x86_64