Last updated on 2025-02-22 17:50:01 CET.
Flavor | Version | Tinstall | Tcheck | Ttotal | Status | Flags |
---|---|---|---|---|---|---|
r-devel-linux-x86_64-debian-clang | 2021.6-1 | 2.33 | 25.28 | 27.61 | NOTE | |
r-devel-linux-x86_64-debian-gcc | 2021.6-1 | 1.42 | 20.35 | 21.77 | NOTE | |
r-devel-linux-x86_64-fedora-clang | 2021.6-1 | 46.61 | OK | |||
r-devel-linux-x86_64-fedora-gcc | 2021.6-1 | 56.79 | OK | |||
r-devel-macos-arm64 | 2021.6-1 | 24.00 | OK | |||
r-devel-macos-x86_64 | 2021.6-1 | 46.00 | OK | |||
r-devel-windows-x86_64 | 2021.6-1 | 3.00 | 65.00 | 68.00 | NOTE | |
r-patched-linux-x86_64 | 2021.6-1 | 3.50 | 24.22 | 27.72 | OK | |
r-release-linux-x86_64 | 2021.6-1 | 2.02 | 24.41 | 26.43 | OK | |
r-release-macos-arm64 | 2021.6-1 | 24.00 | OK | |||
r-release-macos-x86_64 | 2021.6-1 | 38.00 | OK | |||
r-release-windows-x86_64 | 2021.6-1 | 5.00 | 58.00 | 63.00 | OK | |
r-oldrel-macos-arm64 | 2021.6-1 | 24.00 | OK | |||
r-oldrel-macos-x86_64 | 2021.6-1 | 34.00 | OK | |||
r-oldrel-windows-x86_64 | 2021.6-1 | 3.00 | 58.00 | 61.00 | OK |
Version: 2021.6-1
Check: Rd cross-references
Result: NOTE
Found the following Rd file(s) with Rd \link{} targets missing package
anchors:
addDate.Rd: tfExpand
tfplot.Rd: tfprint, tframe, tframed
Please provide package anchors for all Rd \link{} targets not in the
package itself and the base packages.
Flavors: r-devel-linux-x86_64-debian-clang, r-devel-linux-x86_64-debian-gcc, r-devel-windows-x86_64