CRAN Package Check Results for Package tfarima

Last updated on 2025-02-21 17:50:57 CET.

Flavor Version Tinstall Tcheck Ttotal Status Flags
r-devel-linux-x86_64-debian-clang 0.3.2 131.31 59.95 191.26 NOTE
r-devel-linux-x86_64-debian-gcc 0.3.2 90.32 42.61 132.93 NOTE
r-devel-linux-x86_64-fedora-clang 0.3.2 440.60 NOTE
r-devel-linux-x86_64-fedora-gcc 0.3.2 366.81 NOTE
r-devel-macos-arm64 0.3.2 77.00 NOTE
r-devel-macos-x86_64 0.3.2 103.00 NOTE
r-devel-windows-x86_64 0.3.2 141.00 109.00 250.00 NOTE
r-patched-linux-x86_64 0.3.2 128.86 56.58 185.44 NOTE
r-release-linux-x86_64 0.3.2 129.90 58.06 187.96 NOTE
r-release-macos-arm64 0.3.2 76.00 NOTE
r-release-macos-x86_64 0.3.2 92.00 NOTE
r-release-windows-x86_64 0.3.2 142.00 115.00 257.00 NOTE
r-oldrel-macos-arm64 0.3.2 94.00 NOTE
r-oldrel-macos-x86_64 0.3.2 178.00 NOTE
r-oldrel-windows-x86_64 0.3.2 169.00 127.00 296.00 NOTE

Check Details

Version: 0.3.2
Check: C++ specification
Result: NOTE Specified C++11: please drop specification unless essential Flavors: r-devel-linux-x86_64-debian-clang, r-devel-linux-x86_64-debian-gcc, r-devel-linux-x86_64-fedora-clang, r-devel-linux-x86_64-fedora-gcc, r-devel-macos-arm64, r-devel-macos-x86_64, r-devel-windows-x86_64, r-patched-linux-x86_64, r-release-linux-x86_64, r-release-macos-arm64, r-release-macos-x86_64, r-release-windows-x86_64, r-oldrel-macos-arm64, r-oldrel-macos-x86_64, r-oldrel-windows-x86_64

Version: 0.3.2
Check: installed package size
Result: NOTE installed size is 6.9Mb sub-directories of 1Mb or more: libs 6.1Mb Flavors: r-release-macos-arm64, r-release-macos-x86_64, r-oldrel-macos-arm64, r-oldrel-macos-x86_64

mirror server hosted at Truenetwork, Russian Federation.