Last updated on 2025-11-04 11:52:46 CET.
| Flavor | Version | Tinstall | Tcheck | Ttotal | Status | Flags | 
|---|---|---|---|---|---|---|
| r-devel-linux-x86_64-debian-clang | 0.8.0 | 1.57 | 20.14 | 21.71 | NOTE | |
| r-devel-linux-x86_64-debian-gcc | 0.8.0 | 1.32 | 18.21 | 19.53 | NOTE | |
| r-devel-linux-x86_64-fedora-clang | 0.8.0 | 31.06 | NOTE | |||
| r-devel-linux-x86_64-fedora-gcc | 0.8.0 | 30.93 | NOTE | |||
| r-devel-windows-x86_64 | 0.8.0 | 3.00 | 38.00 | 41.00 | NOTE | |
| r-patched-linux-x86_64 | 0.8.0 | 1.76 | 18.27 | 20.03 | NOTE | |
| r-release-linux-x86_64 | 0.8.0 | 1.48 | 18.29 | 19.77 | NOTE | |
| r-release-macos-arm64 | 0.8.0 | 1.00 | 16.00 | 17.00 | NOTE | |
| r-release-macos-x86_64 | 0.8.0 | 2.00 | 22.00 | 24.00 | NOTE | |
| r-release-windows-x86_64 | 0.8.0 | 4.00 | 38.00 | 42.00 | NOTE | |
| r-oldrel-macos-arm64 | 0.8.0 | 1.00 | 15.00 | 16.00 | OK | |
| r-oldrel-macos-x86_64 | 0.8.0 | 1.00 | 20.00 | 21.00 | OK | |
| r-oldrel-windows-x86_64 | 0.8.0 | 3.00 | 43.00 | 46.00 | OK | 
Version: 0.8.0
Check: DESCRIPTION meta-information
Result: NOTE
    Missing dependency on R >= 4.2.0 because package code uses the pipe
    placeholder syntax added in R 4.2.0.
    File(s) using such syntax:
      ‘textra.R’
Flavors: r-devel-linux-x86_64-debian-clang, r-devel-linux-x86_64-debian-gcc, r-devel-linux-x86_64-fedora-clang, r-devel-linux-x86_64-fedora-gcc, r-devel-windows-x86_64, r-patched-linux-x86_64, r-release-linux-x86_64, r-release-macos-arm64, r-release-macos-x86_64, r-release-windows-x86_64