CRAN Package Check Results for Package texPreview

Last updated on 2025-05-27 18:50:03 CEST.

Flavor Version Tinstall Tcheck Ttotal Status Flags
r-devel-linux-x86_64-debian-clang 2.1.0 5.72 82.96 88.68 NOTE
r-devel-linux-x86_64-debian-gcc 2.1.0 4.16 62.37 66.53 NOTE
r-devel-linux-x86_64-fedora-clang 2.1.0 111.07 NOTE
r-devel-linux-x86_64-fedora-gcc 2.1.0 116.91 NOTE
r-devel-windows-x86_64 2.1.0 8.00 98.00 106.00 NOTE
r-patched-linux-x86_64 2.1.0 5.69 78.04 83.73 NOTE
r-release-linux-x86_64 2.1.0 5.19 77.45 82.64 NOTE
r-release-macos-arm64 2.1.0 161.00 NOTE
r-release-macos-x86_64 2.1.0 112.00 NOTE
r-release-windows-x86_64 2.1.0 9.00 95.00 104.00 NOTE
r-oldrel-macos-arm64 2.1.0 61.00 OK
r-oldrel-macos-x86_64 2.1.0 92.00 OK
r-oldrel-windows-x86_64 2.1.0 9.00 111.00 120.00 OK

Check Details

Version: 2.1.0
Check: DESCRIPTION meta-information
Result: NOTE Missing dependency on R >= 4.1.0 because package code uses the pipe |> or function shorthand \(...) syntax added in R 4.1.0. File(s) using such syntax: ‘tex_preview.Rd’ Flavors: r-devel-linux-x86_64-debian-clang, r-devel-linux-x86_64-debian-gcc, r-devel-linux-x86_64-fedora-clang, r-devel-linux-x86_64-fedora-gcc, r-devel-windows-x86_64, r-patched-linux-x86_64, r-release-linux-x86_64, r-release-macos-arm64, r-release-macos-x86_64, r-release-windows-x86_64

mirror server hosted at Truenetwork, Russian Federation.