Last updated on 2025-11-04 11:52:46 CET.
| Flavor | Version | Tinstall | Tcheck | Ttotal | Status | Flags | 
|---|---|---|---|---|---|---|
| r-devel-linux-x86_64-debian-clang | 1.3.0 | 13.69 | 112.61 | 126.30 | NOTE | |
| r-devel-linux-x86_64-debian-gcc | 1.3.0 | 9.71 | 79.78 | 89.49 | NOTE | |
| r-devel-linux-x86_64-fedora-clang | 1.3.0 | 79.00 | 120.96 | 199.96 | OK | |
| r-devel-linux-x86_64-fedora-gcc | 1.3.0 | 26.00 | 160.76 | 186.76 | OK | |
| r-devel-windows-x86_64 | 1.3.0 | 17.00 | 105.00 | 122.00 | OK | |
| r-patched-linux-x86_64 | 1.3.0 | 13.39 | 104.13 | 117.52 | OK | |
| r-release-linux-x86_64 | 1.3.0 | 12.27 | 104.07 | 116.34 | OK | |
| r-release-macos-arm64 | 1.3.0 | 6.00 | 46.00 | 52.00 | OK | |
| r-release-macos-x86_64 | 1.3.0 | 11.00 | 73.00 | 84.00 | OK | |
| r-release-windows-x86_64 | 1.3.0 | 17.00 | 104.00 | 121.00 | OK | |
| r-oldrel-macos-arm64 | 1.3.0 | 6.00 | 38.00 | 44.00 | OK | |
| r-oldrel-macos-x86_64 | 1.3.0 | 11.00 | 56.00 | 67.00 | OK | |
| r-oldrel-windows-x86_64 | 1.3.0 | 22.00 | 138.00 | 160.00 | OK | 
Version: 1.3.0
Check: CRAN incoming feasibility
Result: NOTE
  Maintainer: ‘Giancarlo Vercellino <giancarlo.vercellino@gmail.com>’
  
  No Authors@R field in DESCRIPTION.
  Please add one, modifying
    Authors@R: person(given = "Giancarlo",
                      family = "Vercellino",
                      role = c("aut", "cre"),
                      email = "giancarlo.vercellino@gmail.com")
  as necessary.
Flavors: r-devel-linux-x86_64-debian-clang, r-devel-linux-x86_64-debian-gcc