Last updated on 2025-05-23 00:50:29 CEST.
Flavor | Version | Tinstall | Tcheck | Ttotal | Status | Flags |
---|---|---|---|---|---|---|
r-devel-linux-x86_64-debian-clang | 5.2.3 | 13.39 | 71.28 | 84.67 | OK | |
r-devel-linux-x86_64-debian-gcc | 5.2.3 | 10.52 | 71.00 | 81.52 | OK | |
r-devel-linux-x86_64-fedora-gcc | 5.2.3 | 122.55 | OK | |||
r-devel-windows-x86_64 | 5.2.3 | 46.00 | 195.00 | 241.00 | OK | |
r-patched-linux-x86_64 | 5.2.3 | 14.72 | 101.91 | 116.63 | OK | |
r-release-linux-x86_64 | 5.2.3 | 14.54 | 80.98 | 95.52 | OK | |
r-release-macos-arm64 | 5.2.3 | 86.00 | OK | |||
r-release-macos-x86_64 | 5.2.3 | 113.00 | OK | |||
r-release-windows-x86_64 | 5.2.3 | 43.00 | 183.00 | 226.00 | OK | |
r-oldrel-macos-arm64 | 5.2.3 | 67.00 | NOTE | |||
r-oldrel-macos-x86_64 | 5.2.3 | 148.00 | NOTE | |||
r-oldrel-windows-x86_64 | 5.2.3 | 50.00 | 173.00 | 223.00 | NOTE |
Version: 5.2.3
Check: installed package size
Result: NOTE
installed size is 32.3Mb
sub-directories of 1Mb or more:
doc 1.1Mb
libs 8.9Mb
tessdata 22.2Mb
Flavors: r-oldrel-macos-arm64, r-oldrel-macos-x86_64, r-oldrel-windows-x86_64