Last updated on 2025-07-13 06:48:40 CEST.
Flavor | Version | Tinstall | Tcheck | Ttotal | Status | Flags |
---|---|---|---|---|---|---|
r-devel-linux-x86_64-debian-clang | 5.2.3 | 13.09 | 67.31 | 80.40 | OK | |
r-devel-linux-x86_64-debian-gcc | 5.2.3 | 10.78 | 63.70 | 74.48 | OK | |
r-devel-linux-x86_64-fedora-gcc | 5.2.3 | 117.21 | OK | |||
r-devel-windows-x86_64 | 5.2.3 | 41.00 | 141.00 | 182.00 | OK | |
r-patched-linux-x86_64 | 5.2.3 | 14.49 | 71.51 | 86.00 | OK | |
r-release-linux-x86_64 | 5.2.3 | 14.09 | 61.60 | 75.69 | OK | |
r-release-macos-arm64 | 5.2.3 | 86.00 | OK | |||
r-release-macos-x86_64 | 5.2.3 | 113.00 | OK | |||
r-release-windows-x86_64 | 5.2.3 | 41.00 | 152.00 | 193.00 | OK | |
r-oldrel-macos-arm64 | 5.2.3 | 67.00 | NOTE | |||
r-oldrel-macos-x86_64 | 5.2.3 | 148.00 | NOTE | |||
r-oldrel-windows-x86_64 | 5.2.3 | 49.00 | 171.00 | 220.00 | NOTE |
Version: 5.2.3
Check: installed package size
Result: NOTE
installed size is 32.3Mb
sub-directories of 1Mb or more:
doc 1.1Mb
libs 8.9Mb
tessdata 22.2Mb
Flavors: r-oldrel-macos-arm64, r-oldrel-macos-x86_64, r-oldrel-windows-x86_64