Last updated on 2025-07-10 12:48:36 CEST.
Flavor | Version | Tinstall | Tcheck | Ttotal | Status | Flags |
---|---|---|---|---|---|---|
r-devel-linux-x86_64-debian-clang | 1.1.1 | 146.56 | 36.86 | 183.42 | OK | |
r-devel-linux-x86_64-debian-gcc | 1.1.1 | 107.35 | 37.38 | 144.73 | OK | |
r-devel-linux-x86_64-fedora-clang | 1.1.1 | 326.93 | OK | |||
r-devel-linux-x86_64-fedora-gcc | 1.1.1 | 343.90 | OK | |||
r-devel-windows-x86_64 | 1.1.1 | 145.00 | 92.00 | 237.00 | OK | |
r-patched-linux-x86_64 | 1.1.1 | 149.40 | 47.44 | 196.84 | OK | |
r-release-linux-x86_64 | 1.1.1 | 143.17 | 47.92 | 191.09 | OK | |
r-release-macos-arm64 | 1.1.1 | 94.00 | OK | |||
r-release-macos-x86_64 | 1.1.1 | 97.00 | OK | |||
r-release-windows-x86_64 | 1.1.1 | 148.00 | 91.00 | 239.00 | OK | |
r-oldrel-macos-arm64 | 1.1.1 | 106.00 | NOTE | |||
r-oldrel-macos-x86_64 | 1.1.1 | 81.00 | NOTE | |||
r-oldrel-windows-x86_64 | 1.1.1 | 176.00 | 104.00 | 280.00 | OK |
Version: 1.1.1
Check: installed package size
Result: NOTE
installed size is 14.9Mb
sub-directories of 1Mb or more:
libs 14.8Mb
Flavors: r-oldrel-macos-arm64, r-oldrel-macos-x86_64