Last updated on 2025-11-04 05:51:28 CET.
| Flavor | Version | Tinstall | Tcheck | Ttotal | Status | Flags | 
|---|---|---|---|---|---|---|
| r-devel-linux-x86_64-debian-clang | 0.36.2.1 | 4.48 | 34.49 | 38.97 | NOTE | |
| r-devel-linux-x86_64-debian-gcc | 0.36.2.1 | 3.09 | 24.99 | 28.08 | NOTE | |
| r-devel-linux-x86_64-fedora-clang | 0.36.2.1 | 58.24 | OK | |||
| r-devel-linux-x86_64-fedora-gcc | 0.36.2.1 | 56.39 | OK | |||
| r-devel-windows-x86_64 | 0.36.2.1 | 9.00 | 58.00 | 67.00 | OK | |
| r-patched-linux-x86_64 | 0.36.2.1 | 4.08 | 32.59 | 36.67 | OK | |
| r-release-linux-x86_64 | 0.36.2.1 | 3.44 | 32.65 | 36.09 | OK | |
| r-release-macos-arm64 | 0.36.2.1 | 4.00 | 20.00 | 24.00 | OK | |
| r-release-macos-x86_64 | 0.36.2.1 | 8.00 | 33.00 | 41.00 | OK | |
| r-release-windows-x86_64 | 0.36.2.1 | 8.00 | 58.00 | 66.00 | OK | |
| r-oldrel-macos-arm64 | 0.36.2.1 | 3.00 | 21.00 | 24.00 | OK | |
| r-oldrel-macos-x86_64 | 0.36.2.1 | 5.00 | 25.00 | 30.00 | OK | |
| r-oldrel-windows-x86_64 | 0.36.2.1 | 7.00 | 57.00 | 64.00 | OK | 
Version: 0.36.2.1
Check: CRAN incoming feasibility
Result: NOTE
  Maintainer: ‘K. Gerald van den Boogaart <boogaart@math.tu-freiberg.de>’
  
  No Authors@R field in DESCRIPTION.
  Please add one, modifying
    Authors@R: person(given = c("K.", "Gerald"),
                      family = "van den Boogaart",
                      role = c("aut", "cre"),
                      email = "boogaart@uni-greifswald.de")
  as necessary.
Flavors: r-devel-linux-x86_64-debian-clang, r-devel-linux-x86_64-debian-gcc