Last updated on 2025-07-16 07:49:23 CEST.
Flavor | Version | Tinstall | Tcheck | Ttotal | Status | Flags |
---|---|---|---|---|---|---|
r-devel-linux-x86_64-debian-clang | 0.5.1 | 4.62 | 185.96 | 190.58 | OK | |
r-devel-linux-x86_64-debian-gcc | 0.5.1 | 3.83 | 115.89 | 119.72 | OK | |
r-devel-linux-x86_64-fedora-clang | 0.5.1 | 302.12 | OK | |||
r-devel-linux-x86_64-fedora-gcc | 0.5.1 | 304.51 | OK | |||
r-devel-windows-x86_64 | 0.5.1 | 14.00 | 248.00 | 262.00 | OK | |
r-patched-linux-x86_64 | 0.5.1 | 4.84 | 175.67 | 180.51 | OK | |
r-release-linux-x86_64 | 0.5.1 | 5.28 | 171.46 | 176.74 | OK | |
r-release-macos-arm64 | 0.5.1 | 123.00 | OK | |||
r-release-macos-x86_64 | 0.5.1 | 285.00 | OK | |||
r-release-windows-x86_64 | 0.5.1 | 12.00 | 263.00 | 275.00 | OK | |
r-oldrel-macos-arm64 | 0.5.1 | 125.00 | NOTE | |||
r-oldrel-macos-x86_64 | 0.5.1 | 398.00 | NOTE | |||
r-oldrel-windows-x86_64 | 0.5.1 | 15.00 | 341.00 | 356.00 | OK |
Version: 0.5.1
Check: installed package size
Result: NOTE
installed size is 5.8Mb
sub-directories of 1Mb or more:
extdata 4.9Mb
Flavors: r-oldrel-macos-arm64, r-oldrel-macos-x86_64