CRAN Package Check Results for Package tenispolaR

Last updated on 2025-02-22 11:51:45 CET.

Flavor Version Tinstall Tcheck Ttotal Status Flags
r-devel-linux-x86_64-debian-clang 0.1.4 1.20 18.74 19.94 OK
r-devel-linux-x86_64-debian-gcc 0.1.4 1.29 15.63 16.92 OK
r-devel-linux-x86_64-fedora-clang 0.1.4 34.52 OK
r-devel-linux-x86_64-fedora-gcc 0.1.4 32.98 OK
r-devel-macos-arm64 0.1.4 16.00 OK
r-devel-macos-x86_64 0.1.4 27.00 OK
r-devel-windows-x86_64 0.1.4 3.00 54.00 57.00 OK
r-patched-linux-x86_64 0.1.4 1.59 18.06 19.65 NOTE
r-release-linux-x86_64 0.1.4 1.48 18.19 19.67 NOTE
r-release-macos-arm64 0.1.4 15.00 NOTE
r-release-macos-x86_64 0.1.4 23.00 NOTE
r-release-windows-x86_64 0.1.4 3.00 45.00 48.00 NOTE
r-oldrel-macos-arm64 0.1.4 14.00 NOTE
r-oldrel-macos-x86_64 0.1.4 19.00 NOTE
r-oldrel-windows-x86_64 0.1.4 3.00 47.00 50.00 NOTE

Check Details

Version: 0.1.4
Check: LazyData
Result: NOTE 'LazyData' is specified without a 'data' directory Flavors: r-patched-linux-x86_64, r-release-linux-x86_64, r-release-macos-arm64, r-release-macos-x86_64, r-release-windows-x86_64, r-oldrel-macos-arm64, r-oldrel-macos-x86_64, r-oldrel-windows-x86_64

mirror server hosted at Truenetwork, Russian Federation.