Last updated on 2025-11-03 23:50:35 CET.
| Flavor | Version | Tinstall | Tcheck | Ttotal | Status | Flags | 
|---|---|---|---|---|---|---|
| r-devel-linux-x86_64-debian-clang | 0.0.6 | 2.23 | 25.02 | 27.25 | NOTE | |
| r-devel-linux-x86_64-debian-gcc | 0.0.6 | 1.60 | 20.29 | 21.89 | NOTE | |
| r-devel-linux-x86_64-fedora-clang | 0.0.6 | 38.12 | OK | |||
| r-devel-linux-x86_64-fedora-gcc | 0.0.6 | 35.99 | OK | |||
| r-devel-windows-x86_64 | 0.0.6 | 3.00 | 42.00 | 45.00 | OK | |
| r-patched-linux-x86_64 | 0.0.6 | 2.40 | 22.54 | 24.94 | OK | |
| r-release-linux-x86_64 | 0.0.6 | 2.06 | 22.44 | 24.50 | OK | |
| r-release-macos-arm64 | 0.0.6 | 2.00 | 19.00 | 21.00 | OK | |
| r-release-macos-x86_64 | 0.0.6 | 2.00 | 27.00 | 29.00 | OK | |
| r-release-windows-x86_64 | 0.0.6 | 3.00 | 43.00 | 46.00 | OK | |
| r-oldrel-macos-arm64 | 0.0.6 | 1.00 | 17.00 | 18.00 | OK | |
| r-oldrel-macos-x86_64 | 0.0.6 | 2.00 | 23.00 | 25.00 | OK | |
| r-oldrel-windows-x86_64 | 0.0.6 | 3.00 | 51.00 | 54.00 | OK | 
Version: 0.0.6
Check: CRAN incoming feasibility
Result: NOTE
  Maintainer: ‘Dirk Eddelbuettel <edd@debian.org>’
  
  No Authors@R field in DESCRIPTION.
  Please add one, modifying
    Authors@R: c(person(given = "Dirk",
                        family = "Eddelbuettel",
                        role = c("aut", "cre"),
                        email = "edd@debian.org"),
                 person(given = "Kenneth",
                        family = "Rose",
                        role = "aut"))
  as necessary.
Flavors: r-devel-linux-x86_64-debian-clang, r-devel-linux-x86_64-debian-gcc