Last updated on 2025-07-16 07:49:23 CEST.
Flavor | Version | Tinstall | Tcheck | Ttotal | Status | Flags |
---|---|---|---|---|---|---|
r-devel-linux-x86_64-debian-clang | 0.4.3 | 7.43 | 69.66 | 77.09 | NOTE | |
r-devel-linux-x86_64-debian-gcc | 0.4.3 | 4.83 | 48.40 | 53.23 | NOTE | |
r-devel-linux-x86_64-fedora-clang | 0.4.3 | 117.95 | OK | |||
r-devel-linux-x86_64-fedora-gcc | 0.4.3 | 108.03 | OK | |||
r-devel-windows-x86_64 | 0.4.3 | 10.00 | 93.00 | 103.00 | NOTE | |
r-patched-linux-x86_64 | 0.4.3 | 9.82 | 65.12 | 74.94 | NOTE | |
r-release-linux-x86_64 | 0.4.3 | 6.49 | 63.84 | 70.33 | NOTE | |
r-release-macos-arm64 | 0.4.3 | 36.00 | OK | |||
r-release-macos-x86_64 | 0.4.3 | 61.00 | OK | |||
r-release-windows-x86_64 | 0.4.3 | 10.00 | 91.00 | 101.00 | NOTE | |
r-oldrel-macos-arm64 | 0.4.3 | 33.00 | OK | |||
r-oldrel-macos-x86_64 | 0.4.3 | 51.00 | OK | |||
r-oldrel-windows-x86_64 | 0.4.3 | 14.00 | 114.00 | 128.00 | OK |
Version: 0.4.3
Check: Rd cross-references
Result: NOTE
Found the following Rd file(s) with Rd \link{} targets missing package
anchors:
as_data_frame.Rd: as_tibble
Please provide package anchors for all Rd \link{} targets not in the
package itself and the base packages.
Flavors: r-devel-linux-x86_64-debian-clang, r-devel-linux-x86_64-debian-gcc, r-devel-windows-x86_64, r-patched-linux-x86_64, r-release-linux-x86_64, r-release-windows-x86_64