Last updated on 2025-05-29 00:48:37 CEST.
Flavor | Version | Tinstall | Tcheck | Ttotal | Status | Flags |
---|---|---|---|---|---|---|
r-devel-linux-x86_64-debian-clang | 1.2 | 1.69 | 29.30 | 30.99 | NOTE | |
r-devel-linux-x86_64-debian-gcc | 1.2 | 1.34 | 23.74 | 25.08 | NOTE | |
r-devel-linux-x86_64-fedora-clang | 1.2 | 49.00 | OK | |||
r-devel-linux-x86_64-fedora-gcc | 1.2 | 59.66 | OK | |||
r-devel-windows-x86_64 | 1.2 | 2.00 | 75.00 | 77.00 | OK | |
r-patched-linux-x86_64 | 1.2 | 1.77 | 28.27 | 30.04 | OK | |
r-release-linux-x86_64 | 1.2 | 1.50 | 28.33 | 29.83 | OK | |
r-release-macos-arm64 | 1.2 | 31.00 | OK | |||
r-release-macos-x86_64 | 1.2 | 60.00 | OK | |||
r-release-windows-x86_64 | 1.2 | 3.00 | 81.00 | 84.00 | OK | |
r-oldrel-macos-arm64 | 1.2 | 26.00 | OK | |||
r-oldrel-macos-x86_64 | 1.2 | 53.00 | OK | |||
r-oldrel-windows-x86_64 | 1.2 | 2.00 | 75.00 | 77.00 | OK |
Version: 1.2
Check: CRAN incoming feasibility
Result: NOTE
Maintainer: ‘Alexey Shipunov <dactylorhiza@gmail.com>’
No Authors@R field in DESCRIPTION.
Please add one, modifying
Authors@R: person(given = "Alexey",
family = "Shipunov",
role = c("aut", "cre"),
email = "dactylorhiza@gmail.com")
as necessary.
Flavors: r-devel-linux-x86_64-debian-clang, r-devel-linux-x86_64-debian-gcc