Last updated on 2025-11-04 05:51:28 CET.
| Flavor | Version | Tinstall | Tcheck | Ttotal | Status | Flags | 
|---|---|---|---|---|---|---|
| r-devel-linux-x86_64-debian-clang | 1.2 | 1.57 | 31.97 | 33.54 | NOTE | |
| r-devel-linux-x86_64-debian-gcc | 1.2 | 1.44 | 26.58 | 28.02 | NOTE | |
| r-devel-linux-x86_64-fedora-clang | 1.2 | 49.11 | OK | |||
| r-devel-linux-x86_64-fedora-gcc | 1.2 | 61.49 | OK | |||
| r-devel-windows-x86_64 | 1.2 | 2.00 | 71.00 | 73.00 | OK | |
| r-patched-linux-x86_64 | 1.2 | 1.69 | 31.00 | 32.69 | OK | |
| r-release-linux-x86_64 | 1.2 | 1.43 | 31.04 | 32.47 | OK | |
| r-release-macos-arm64 | 1.2 | 1.00 | 30.00 | 31.00 | OK | |
| r-release-macos-x86_64 | 1.2 | 1.00 | 59.00 | 60.00 | OK | |
| r-release-windows-x86_64 | 1.2 | 2.00 | 71.00 | 73.00 | OK | |
| r-oldrel-macos-arm64 | 1.2 | 1.00 | 25.00 | 26.00 | OK | |
| r-oldrel-macos-x86_64 | 1.2 | 1.00 | 52.00 | 53.00 | OK | |
| r-oldrel-windows-x86_64 | 1.2 | 3.00 | 75.00 | 78.00 | OK | 
Version: 1.2
Check: CRAN incoming feasibility
Result: NOTE
  Maintainer: ‘Alexey Shipunov <dactylorhiza@gmail.com>’
  
  No Authors@R field in DESCRIPTION.
  Please add one, modifying
    Authors@R: person(given = "Alexey",
                      family = "Shipunov",
                      role = c("aut", "cre"),
                      email = "dactylorhiza@gmail.com")
  as necessary.
Flavors: r-devel-linux-x86_64-debian-clang, r-devel-linux-x86_64-debian-gcc