CRAN Package Check Results for Package tangram

Last updated on 2025-07-11 18:52:31 CEST.

Flavor Version Tinstall Tcheck Ttotal Status Flags
r-devel-linux-x86_64-debian-clang 0.8.2 15.71 66.94 82.65 NOTE
r-devel-linux-x86_64-debian-gcc 0.8.2 9.66 49.57 59.23 NOTE
r-devel-linux-x86_64-fedora-clang 0.8.2 126.92 OK
r-devel-linux-x86_64-fedora-gcc 0.8.2 120.36 OK
r-devel-windows-x86_64 0.8.2 17.00 99.00 116.00 NOTE
r-patched-linux-x86_64 0.8.2 17.83 63.42 81.25 NOTE
r-release-linux-x86_64 0.8.2 16.06 63.49 79.55 NOTE
r-release-macos-arm64 0.8.2 43.00 OK
r-release-macos-x86_64 0.8.2 76.00 OK
r-release-windows-x86_64 0.8.2 18.00 103.00 121.00 NOTE
r-oldrel-macos-arm64 0.8.2 34.00 OK
r-oldrel-macos-x86_64 0.8.2 52.00 OK
r-oldrel-windows-x86_64 0.8.2 24.00 116.00 140.00 OK

Check Details

Version: 0.8.2
Check: Rd cross-references
Result: NOTE Found the following Rd file(s) with Rd \link{} targets missing package anchors: ASTBranch.Rd: R6Class ASTFunction.Rd: R6Class ASTMultiply.Rd: R6Class ASTPlus.Rd: R6Class ASTTableFormula.Rd: R6Class ASTVariable.Rd: R6Class Parser.Rd: R6Class Token.Rd: R6Class Please provide package anchors for all Rd \link{} targets not in the package itself and the base packages. Flavors: r-devel-linux-x86_64-debian-clang, r-devel-linux-x86_64-debian-gcc, r-devel-windows-x86_64, r-patched-linux-x86_64, r-release-linux-x86_64, r-release-windows-x86_64

mirror server hosted at Truenetwork, Russian Federation.