Last updated on 2025-02-20 17:50:45 CET.
Flavor | Version | Tinstall | Tcheck | Ttotal | Status | Flags |
---|---|---|---|---|---|---|
r-devel-linux-x86_64-debian-clang | 1.2.1 | 14.05 | 173.95 | 188.00 | NOTE | |
r-devel-linux-x86_64-debian-gcc | 1.2.1 | 10.45 | 108.62 | 119.07 | NOTE | |
r-devel-linux-x86_64-fedora-clang | 1.2.1 | 317.87 | NOTE | |||
r-devel-linux-x86_64-fedora-gcc | 1.2.1 | 309.63 | NOTE | |||
r-devel-macos-arm64 | 1.2.1 | 79.00 | OK | |||
r-devel-macos-x86_64 | 1.2.1 | 153.00 | NOTE | |||
r-devel-windows-x86_64 | 1.2.1 | 15.00 | 167.00 | 182.00 | NOTE | |
r-patched-linux-x86_64 | 1.2.1 | 15.79 | 152.19 | 167.98 | OK | |
r-release-linux-x86_64 | 1.2.1 | 13.97 | 151.70 | 165.67 | OK | |
r-release-macos-arm64 | 1.2.1 | 80.00 | OK | |||
r-release-macos-x86_64 | 1.2.1 | 147.00 | OK | |||
r-release-windows-x86_64 | 1.2.1 | 18.00 | 162.00 | 180.00 | OK | |
r-oldrel-macos-arm64 | 1.2.1 | 78.00 | OK | |||
r-oldrel-macos-x86_64 | 1.2.1 | 140.00 | OK | |||
r-oldrel-windows-x86_64 | 1.2.1 | 20.00 | 199.00 | 219.00 | OK |
Version: 1.2.1
Check: DESCRIPTION meta-information
Result: NOTE
Missing dependency on R >= 4.1.0 because package code uses the pipe
|> or function shorthand \(...) syntax added in R 4.1.0.
File(s) using such syntax:
‘fmt_class.R’ ‘jmvtab.b.R’ ‘tab.R’ ‘tab_classes.R’ ‘tab_xl.R’
‘utils.R’
Flavors: r-devel-linux-x86_64-debian-clang, r-devel-linux-x86_64-debian-gcc, r-devel-linux-x86_64-fedora-clang, r-devel-linux-x86_64-fedora-gcc, r-devel-macos-x86_64, r-devel-windows-x86_64