Last updated on 2025-11-03 23:50:35 CET.
| Flavor | Version | Tinstall | Tcheck | Ttotal | Status | Flags | 
|---|---|---|---|---|---|---|
| r-devel-linux-x86_64-debian-clang | 0.1.1 | 1.81 | 23.32 | 25.13 | NOTE | |
| r-devel-linux-x86_64-debian-gcc | 0.1.1 | 1.48 | 19.06 | 20.54 | NOTE | |
| r-devel-linux-x86_64-fedora-clang | 0.1.1 | 36.44 | NOTE | |||
| r-devel-linux-x86_64-fedora-gcc | 0.1.1 | 52.87 | NOTE | |||
| r-devel-windows-x86_64 | 0.1.1 | 4.00 | 45.00 | 49.00 | NOTE | |
| r-patched-linux-x86_64 | 0.1.1 | 1.96 | 20.83 | 22.79 | NOTE | |
| r-release-linux-x86_64 | 0.1.1 | 1.62 | 20.84 | 22.46 | NOTE | |
| r-release-macos-arm64 | 0.1.1 | 1.00 | 23.00 | 24.00 | NOTE | |
| r-release-macos-x86_64 | 0.1.1 | 2.00 | 36.00 | 38.00 | NOTE | |
| r-release-windows-x86_64 | 0.1.1 | 3.00 | 42.00 | 45.00 | NOTE | |
| r-oldrel-macos-arm64 | 0.1.1 | 1.00 | 20.00 | 21.00 | NOTE | |
| r-oldrel-macos-x86_64 | 0.1.1 | 2.00 | 32.00 | 34.00 | NOTE | |
| r-oldrel-windows-x86_64 | 0.1.1 | 4.00 | 47.00 | 51.00 | NOTE | 
Version: 0.1.1
Check: CRAN incoming feasibility
Result: NOTE
  Maintainer: ‘Austin Nar <austin.nar@gmail.com>’
  
  No Authors@R field in DESCRIPTION.
  Please add one, modifying
    Authors@R: person(given = "Austin",
                      family = "Nar",
                      role = c("aut", "cre"),
                      email = "austin.nar@gmail.com")
  as necessary.
Flavors: r-devel-linux-x86_64-debian-clang, r-devel-linux-x86_64-debian-gcc
Version: 0.1.1
Check: Rd files
Result: NOTE
  checkRd: (-1) parse_logs.Rd:38: Lost braces
      38 |  '{{ip ip_address}} [{{date access_date}}]...'.
         |   ^
  checkRd: (-1) parse_logs.Rd:38: Lost braces
      38 |  '{{ip ip_address}} [{{date access_date}}]...'.
         |                      ^
Flavors: r-devel-linux-x86_64-debian-clang, r-devel-linux-x86_64-debian-gcc, r-devel-linux-x86_64-fedora-clang, r-devel-linux-x86_64-fedora-gcc, r-devel-windows-x86_64, r-patched-linux-x86_64, r-release-linux-x86_64, r-release-macos-arm64, r-release-macos-x86_64, r-release-windows-x86_64, r-oldrel-macos-arm64, r-oldrel-macos-x86_64, r-oldrel-windows-x86_64
Version: 0.1.1
Check: LazyData
Result: NOTE
    'LazyData' is specified without a 'data' directory
Flavors: r-oldrel-macos-arm64, r-oldrel-macos-x86_64, r-oldrel-windows-x86_64