Last updated on 2025-11-03 17:50:05 CET.
| Flavor | Version | Tinstall | Tcheck | Ttotal | Status | Flags |
|---|---|---|---|---|---|---|
| r-devel-linux-x86_64-debian-clang | 1.0.0 | 4.61 | 36.89 | 41.50 | OK | |
| r-devel-linux-x86_64-debian-gcc | 1.0.0 | 3.05 | 27.47 | 30.52 | OK | |
| r-devel-linux-x86_64-fedora-clang | 1.0.0 | 57.33 | NOTE | |||
| r-devel-linux-x86_64-fedora-gcc | 1.0.0 | 18.00 | 37.70 | 55.70 | NOTE | |
| r-devel-windows-x86_64 | 1.0.0 | 6.00 | 53.00 | 59.00 | OK | |
| r-patched-linux-x86_64 | 1.0.0 | 4.00 | 32.94 | 36.94 | OK | |
| r-release-linux-x86_64 | 1.0.0 | 4.47 | 32.63 | 37.10 | OK | |
| r-release-macos-arm64 | 1.0.0 | 2.00 | 20.00 | 22.00 | OK | |
| r-release-macos-x86_64 | 1.0.0 | 4.00 | 35.00 | 39.00 | OK | |
| r-release-windows-x86_64 | 1.0.0 | 5.00 | 50.00 | 55.00 | OK | |
| r-oldrel-macos-arm64 | 1.0.0 | 2.00 | 21.00 | 23.00 | NOTE | |
| r-oldrel-macos-x86_64 | 1.0.0 | 3.00 | 29.00 | 32.00 | NOTE | |
| r-oldrel-windows-x86_64 | 1.0.0 | 9.00 | 64.00 | 73.00 | NOTE |
Version: 1.0.0
Check: dependencies in R code
Result: NOTE
Namespaces in Imports field not imported from:
‘stringr’ ‘tibble’
All declared Imports should be used.
Flavors: r-devel-linux-x86_64-fedora-clang, r-devel-linux-x86_64-fedora-gcc
Version: 1.0.0
Check: LazyData
Result: NOTE
'LazyData' is specified without a 'data' directory
Flavors: r-oldrel-macos-arm64, r-oldrel-macos-x86_64, r-oldrel-windows-x86_64